{"id":9152,"date":"2018-04-25T22:09:10","date_gmt":"2018-04-25T22:09:10","guid":{"rendered":"https:\/\/https:\/\/www.unemi.edu.ec\/\/wordpress\/?page_id=9152"},"modified":"2018-05-23T20:33:25","modified_gmt":"2018-05-23T20:33:25","slug":"universidad-andina-simon-bolivar-sede-ecuador-uasb-e","status":"publish","type":"page","link":"https:\/\/www.unemi.edu.ec\/index.php\/universidad-andina-simon-bolivar-sede-ecuador-uasb-e\/","title":{"rendered":"Universidad Andina Simon Bol\u00edvar, Sede Ecuador (Uasb-E)"},"content":{"rendered":"<table width=\"561\">\n<tbody>\n<tr>\n<td width=\"237\"><strong>Responsable contraparte<\/strong><\/td>\n<td width=\"324\"><\/td>\n<\/tr>\n<tr>\n<td width=\"237\"><strong>Responsable Unemi<\/strong><\/td>\n<td><\/td>\n<\/tr>\n<tr>\n<td width=\"237\"><strong>Objetivo<\/strong><\/td>\n<td style=\"text-align: left;\" width=\"324\">Robustecer mediante la colaboraci\u00f3n, la investigaci\u00f3n y ense\u00f1anza cient\u00edfica y tecnol\u00f3gica en el Ecuador.<\/td>\n<\/tr>\n<tr>\n<td width=\"237\"><strong>Actividades<\/strong><\/td>\n<td style=\"text-align: left;\" width=\"324\">Promover el proceso de integraci\u00f3n universitaria y contribuir bilateralmente a la consolidaci\u00f3n institucional mediante el desarrollo de actividades acad\u00e9micas, de docencia, investigaci\u00f3n, publicaciones e intercambio docente.<\/td>\n<\/tr>\n<tr>\n<td><strong>Tipo de convenio\u00a0<\/strong><\/td>\n<td style=\"text-align: left;\">Convenio Marco de Cooperaci\u00f3n Interinstitucional<\/td>\n<\/tr>\n<\/tbody>\n<\/table>\n","protected":false},"excerpt":{"rendered":"<p>Responsable contraparte Responsable Unemi Objetivo Robustecer mediante la colaboraci\u00f3n, la investigaci\u00f3n y ense\u00f1anza cient\u00edfica y tecnol\u00f3gica en el Ecuador. Actividades Promover el proceso de integraci\u00f3n universitaria y contribuir bilateralmente a [&hellip;]<\/p>\n","protected":false},"author":23,"featured_media":0,"parent":0,"menu_order":0,"comment_status":"closed","ping_status":"closed","template":"","meta":{"_joinchat":[],"footnotes":""},"class_list":["post-9152","page","type-page","status-publish","hentry"],"_links":{"self":[{"href":"https:\/\/www.unemi.edu.ec\/index.php\/wp-json\/wp\/v2\/pages\/9152","targetHints":{"allow":["GET"]}}],"collection":[{"href":"https:\/\/www.unemi.edu.ec\/index.php\/wp-json\/wp\/v2\/pages"}],"about":[{"href":"https:\/\/www.unemi.edu.ec\/index.php\/wp-json\/wp\/v2\/types\/page"}],"author":[{"embeddable":true,"href":"https:\/\/www.unemi.edu.ec\/index.php\/wp-json\/wp\/v2\/users\/23"}],"replies":[{"embeddable":true,"href":"https:\/\/www.unemi.edu.ec\/index.php\/wp-json\/wp\/v2\/comments?post=9152"}],"version-history":[{"count":0,"href":"https:\/\/www.unemi.edu.ec\/index.php\/wp-json\/wp\/v2\/pages\/9152\/revisions"}],"wp:attachment":[{"href":"https:\/\/www.unemi.edu.ec\/index.php\/wp-json\/wp\/v2\/media?parent=9152"}],"curies":[{"name":"wp","href":"https:\/\/api.w.org\/{rel}","templated":true}]}}