{"id":9141,"date":"2018-04-25T22:04:33","date_gmt":"2018-04-25T22:04:33","guid":{"rendered":"https:\/\/https:\/\/www.unemi.edu.ec\/\/wordpress\/?page_id=9141"},"modified":"2018-05-23T20:45:23","modified_gmt":"2018-05-23T20:45:23","slug":"universidad-tecnica-estatal-de-quevedo","status":"publish","type":"page","link":"https:\/\/www.unemi.edu.ec\/index.php\/universidad-tecnica-estatal-de-quevedo\/","title":{"rendered":"Universidad T\u00e9cnica Estatal De Quevedo"},"content":{"rendered":"<table width=\"561\">\n<tbody>\n<tr>\n<td width=\"237\"><strong>Responsable contraparte<\/strong><\/td>\n<td style=\"text-align: left;\" width=\"324\">Lcda. Ramona Soledad Montes V\u00e9lez<\/td>\n<\/tr>\n<tr>\n<td width=\"237\"><strong>Responsable Unemi<\/strong><\/td>\n<td style=\"text-align: left;\">Lcda. Alicia Cercado<\/td>\n<\/tr>\n<tr>\n<td width=\"237\"><strong>Objetivo<\/strong><\/td>\n<td style=\"text-align: left;\" width=\"324\">Promover la cooperaci\u00f3n interinstitucional acad\u00e9mica y administrativa a fin de dar el apoyo mutuo a programas y proyectos acad\u00e9micos, investigativos, profesionales e interculturales entre profesores, estudiantes y personal administrativo de la UNEMI y UTEQ en Ciencias de la Enfermer\u00eda<\/td>\n<\/tr>\n<tr>\n<td width=\"237\"><strong>Actividades<\/strong><\/td>\n<td style=\"text-align: left;\" width=\"324\">\n<ul>\n<li>Facilitar el intercambio de investigadores, personal docente y estudiantes, dentro del marco de cooperaciones.<\/li>\n<li>Elaboraci\u00f3n de proyectos de investigaci\u00f3n,\u00a0 de acuerdo con las disponibilidades presupuestarias.<\/li>\n<li>Intercambio de material bibliogr\u00e1fico, material audiovisual, acceso de bancos de datos e informaci\u00f3n relacionada con los proyectos conjuntos.<\/li>\n<li>La creaci\u00f3n y organizaci\u00f3n de actividades docentes coordinadas.<\/li>\n<li>El uso de los laboratorios rigi\u00e9ndose a la reglamentaci\u00f3n interna de cada instituci\u00f3n.<\/li>\n<li>La organizaci\u00f3n de eventos de car\u00e1cter cient\u00edfico nacional e internacional.<\/li>\n<\/ul>\n<\/td>\n<\/tr>\n<tr>\n<td><strong>Tipo de convenio\u00a0<\/strong><\/td>\n<td style=\"text-align: left;\" width=\"324\">Convenio espec\u00edfico para el fortalecimiento de la carrera de Licenciatura en Enfermer\u00eda<\/td>\n<\/tr>\n<\/tbody>\n<\/table>\n","protected":false},"excerpt":{"rendered":"<p>Responsable contraparte Lcda. Ramona Soledad Montes V\u00e9lez Responsable Unemi Lcda. Alicia Cercado Objetivo Promover la cooperaci\u00f3n interinstitucional acad\u00e9mica y administrativa a fin de dar el apoyo mutuo a programas y [&hellip;]<\/p>\n","protected":false},"author":23,"featured_media":0,"parent":0,"menu_order":0,"comment_status":"closed","ping_status":"closed","template":"","meta":{"_joinchat":[],"footnotes":""},"class_list":["post-9141","page","type-page","status-publish","hentry"],"_links":{"self":[{"href":"https:\/\/www.unemi.edu.ec\/index.php\/wp-json\/wp\/v2\/pages\/9141","targetHints":{"allow":["GET"]}}],"collection":[{"href":"https:\/\/www.unemi.edu.ec\/index.php\/wp-json\/wp\/v2\/pages"}],"about":[{"href":"https:\/\/www.unemi.edu.ec\/index.php\/wp-json\/wp\/v2\/types\/page"}],"author":[{"embeddable":true,"href":"https:\/\/www.unemi.edu.ec\/index.php\/wp-json\/wp\/v2\/users\/23"}],"replies":[{"embeddable":true,"href":"https:\/\/www.unemi.edu.ec\/index.php\/wp-json\/wp\/v2\/comments?post=9141"}],"version-history":[{"count":0,"href":"https:\/\/www.unemi.edu.ec\/index.php\/wp-json\/wp\/v2\/pages\/9141\/revisions"}],"wp:attachment":[{"href":"https:\/\/www.unemi.edu.ec\/index.php\/wp-json\/wp\/v2\/media?parent=9141"}],"curies":[{"name":"wp","href":"https:\/\/api.w.org\/{rel}","templated":true}]}}

Universidad Técnica Estatal De Quevedo

<table width="561">
<tbody>
<tr>
<td width="237"><strong>Responsable contraparte</strong></td>
<td style="text-align: left;" width="324">Lcda. Ramona Soledad Montes Vélez</td>
</tr>
<tr>
<td width="237"><strong>Responsable Unemi</strong></td>
<td style="text-align: left;">Lcda. Alicia Cercado</td>
</tr>
<tr>
<td width="237"><strong>Objetivo</strong></td>
<td style="text-align: left;" width="324">Promover la cooperación interinstitucional académica y administrativa a fin de dar el apoyo mutuo a programas y proyectos académicos, investigativos, profesionales e interculturales entre profesores, estudiantes y personal administrativo de la UNEMI y UTEQ en Ciencias de la Enfermería</td>
</tr>
<tr>
<td width="237"><strong>Actividades</strong></td>
<td style="text-align: left;" width="324">
<ul>
<li>Facilitar el intercambio de investigadores, personal docente y estudiantes, dentro del marco de cooperaciones.</li>
<li>Elaboración de proyectos de investigación,  de acuerdo con las disponibilidades presupuestarias.</li>
<li>Intercambio de material bibliográfico, material audiovisual, acceso de bancos de datos e información relacionada con los proyectos conjuntos.</li>
<li>La creación y organización de actividades docentes coordinadas.</li>
<li>El uso de los laboratorios rigiéndose a la reglamentación interna de cada institución.</li>
<li>La organización de eventos de carácter científico nacional e internacional.</li>
</ul>
</td>
</tr>
<tr>
<td><strong>Tipo de convenio </strong></td>
<td style="text-align: left;" width="324">Convenio específico para el fortalecimiento de la carrera de Licenciatura en Enfermería</td>
</tr>
</tbody>
</table>

<p>Responsable contraparte Lcda. Ramona Soledad Montes Vélez Responsable Unemi Lcda. Alicia Cercado Objetivo Promover la cooperación interinstitucional académica y administrativa a fin de dar el apoyo mutuo a programas y [&hellip;]</p>
