{"id":9118,"date":"2018-04-25T21:54:48","date_gmt":"2018-04-25T21:54:48","guid":{"rendered":"https:\/\/https:\/\/www.unemi.edu.ec\/\/wordpress\/?page_id=9118"},"modified":"2018-05-23T21:04:27","modified_gmt":"2018-05-23T21:04:27","slug":"hospital-dr-abel-gilbert-ponton-de-guayaquil","status":"publish","type":"page","link":"https:\/\/www.unemi.edu.ec\/index.php\/hospital-dr-abel-gilbert-ponton-de-guayaquil\/","title":{"rendered":"Hospital Dr. Abel Gilbert Ponton De Guayaquil"},"content":{"rendered":"<table width=\"561\">\n<tbody>\n<tr>\n<td width=\"237\"><strong>Responsable contraparte<\/strong><\/td>\n<td style=\"text-align: left;\" width=\"324\">Jefe de Unidad M\u00e9dica, L\u00edder de Servicio<\/td>\n<\/tr>\n<tr>\n<td width=\"237\"><strong>Responsable Unemi<\/strong><\/td>\n<td style=\"text-align: left;\">Director(a) de carrera de Enfermer\u00eda<\/td>\n<\/tr>\n<tr>\n<td width=\"237\"><strong>Objetivo<\/strong><\/td>\n<td style=\"text-align: left;\" width=\"324\">Instrumentar la cooperaci\u00f3n interinstitucional para la ejecuci\u00f3n de pr\u00e1cticas de externado para la carrera de Enfermer\u00eda, dentro el orden jur\u00eddico establecido en la Normativa Sanitaria de las Pr\u00e1cticas de Externado de las Carreras de Salud en los establecimientos del Sistema Nacional de Salud.<\/td>\n<\/tr>\n<tr>\n<td width=\"237\"><strong>Actividades<\/strong><\/td>\n<td style=\"text-align: left;\" width=\"324\">\n<ul>\n<li>Contribuir a la capacitaci\u00f3n, actualizaci\u00f3n y perfeccionamiento de los educandos de la carrera Nutrici\u00f3n Humana.<\/li>\n<li>Orientar en el proceso de servicio-formaci\u00f3n hacia un cambio de actitud y comportamiento del personal de salud.<\/li>\n<li>Fortalecer la formaci\u00f3n de los educandos en actitudes \u00e9ticas basadas en el principio de beneficencia, autonom\u00eda y justicia<\/li>\n<\/ul>\n<\/td>\n<\/tr>\n<tr>\n<td><strong>Tipo de convenio\u00a0<\/strong><\/td>\n<td style=\"text-align: left;\" width=\"324\">Convenio espec\u00edfico para desarrollar pr\u00e1cticas de externado para la carrera de Enfermer\u00eda.<\/td>\n<\/tr>\n<\/tbody>\n<\/table>\n","protected":false},"excerpt":{"rendered":"<p>Responsable contraparte Jefe de Unidad M\u00e9dica, L\u00edder de Servicio Responsable Unemi Director(a) de carrera de Enfermer\u00eda Objetivo Instrumentar la cooperaci\u00f3n interinstitucional para la ejecuci\u00f3n de pr\u00e1cticas de externado para la [&hellip;]<\/p>\n","protected":false},"author":23,"featured_media":0,"parent":0,"menu_order":0,"comment_status":"closed","ping_status":"closed","template":"","meta":{"_joinchat":[],"footnotes":""},"class_list":["post-9118","page","type-page","status-publish","hentry"],"_links":{"self":[{"href":"https:\/\/www.unemi.edu.ec\/index.php\/wp-json\/wp\/v2\/pages\/9118","targetHints":{"allow":["GET"]}}],"collection":[{"href":"https:\/\/www.unemi.edu.ec\/index.php\/wp-json\/wp\/v2\/pages"}],"about":[{"href":"https:\/\/www.unemi.edu.ec\/index.php\/wp-json\/wp\/v2\/types\/page"}],"author":[{"embeddable":true,"href":"https:\/\/www.unemi.edu.ec\/index.php\/wp-json\/wp\/v2\/users\/23"}],"replies":[{"embeddable":true,"href":"https:\/\/www.unemi.edu.ec\/index.php\/wp-json\/wp\/v2\/comments?post=9118"}],"version-history":[{"count":0,"href":"https:\/\/www.unemi.edu.ec\/index.php\/wp-json\/wp\/v2\/pages\/9118\/revisions"}],"wp:attachment":[{"href":"https:\/\/www.unemi.edu.ec\/index.php\/wp-json\/wp\/v2\/media?parent=9118"}],"curies":[{"name":"wp","href":"https:\/\/api.w.org\/{rel}","templated":true}]}}