{"id":8436,"date":"2018-04-17T15:29:23","date_gmt":"2018-04-17T15:29:23","guid":{"rendered":"https:\/\/https:\/\/www.unemi.edu.ec\/\/wordpress\/?page_id=8436"},"modified":"2018-09-13T20:38:54","modified_gmt":"2018-09-13T20:38:54","slug":"academica-de-capacitacion-tecnica-2017","status":"publish","type":"page","link":"https:\/\/www.unemi.edu.ec\/index.php\/proyectos-de-vinculacion\/academica-de-capacitacion-tecnica-2017\/","title":{"rendered":"Acad\u00e9mica de Capacitaci\u00f3n T\u00e9cnica 2017"},"content":{"rendered":"<h2>Perfil del Proyecto<\/h2>\n<p>Asesorar a las instituciones Municipales de Naranjito y gremios artesanales del cant\u00f3n Milagro en el fortalecimiento de su gesti\u00f3n, mediante capacitaciones t\u00e9cnicas de Soldadura, Electricidad B\u00e1sica, M\u00e1quinas-Herramientas y Dibujo T\u00e9cnico para mejorar procesos, sus rendimientos econ\u00f3micos y contribuir al buen vivir de la sociedad.<\/p>\n<h2>Docentes<\/h2>\n<ul>\n<li>Byron Romero Romero<\/li>\n<\/ul>\n","protected":false},"excerpt":{"rendered":"<p>Perfil del Proyecto Asesorar a las instituciones Municipales de Naranjito y gremios artesanales del cant\u00f3n Milagro en el fortalecimiento de su gesti\u00f3n, mediante capacitaciones t\u00e9cnicas de Soldadura, Electricidad B\u00e1sica, M\u00e1quinas-Herramientas [&hellip;]<\/p>\n","protected":false},"author":23,"featured_media":0,"parent":6176,"menu_order":0,"comment_status":"closed","ping_status":"closed","template":"","meta":{"_joinchat":[],"footnotes":""},"class_list":["post-8436","page","type-page","status-publish","hentry"],"_links":{"self":[{"href":"https:\/\/www.unemi.edu.ec\/index.php\/wp-json\/wp\/v2\/pages\/8436","targetHints":{"allow":["GET"]}}],"collection":[{"href":"https:\/\/www.unemi.edu.ec\/index.php\/wp-json\/wp\/v2\/pages"}],"about":[{"href":"https:\/\/www.unemi.edu.ec\/index.php\/wp-json\/wp\/v2\/types\/page"}],"author":[{"embeddable":true,"href":"https:\/\/www.unemi.edu.ec\/index.php\/wp-json\/wp\/v2\/users\/23"}],"replies":[{"embeddable":true,"href":"https:\/\/www.unemi.edu.ec\/index.php\/wp-json\/wp\/v2\/comments?post=8436"}],"version-history":[{"count":0,"href":"https:\/\/www.unemi.edu.ec\/index.php\/wp-json\/wp\/v2\/pages\/8436\/revisions"}],"up":[{"embeddable":true,"href":"https:\/\/www.unemi.edu.ec\/index.php\/wp-json\/wp\/v2\/pages\/6176"}],"wp:attachment":[{"href":"https:\/\/www.unemi.edu.ec\/index.php\/wp-json\/wp\/v2\/media?parent=8436"}],"curies":[{"name":"wp","href":"https:\/\/api.w.org\/{rel}","templated":true}]}}