{"id":6658,"date":"2018-03-13T19:54:49","date_gmt":"2018-03-13T19:54:49","guid":{"rendered":"https:\/\/https:\/\/www.unemi.edu.ec\/\/wordpress\/?page_id=6658"},"modified":"2023-03-10T10:22:43","modified_gmt":"2023-03-10T15:22:43","slug":"linguistica-aplicada","status":"publish","type":"page","link":"https:\/\/www.unemi.edu.ec\/index.php\/grupos-de-investigacion\/linguistica-aplicada\/","title":{"rendered":"Ling\u00fc\u00edstica Aplicada"},"content":{"rendered":"<h2>Descripci\u00f3n<\/h2>\n<p style=\"text-align: justify;\">El grupo de investigaci\u00f3n tiene como finalidad fortalecer las competencias comunicativas en la comunidad universitaria que faciliten la difusi\u00f3n y la transferencia de los resultados cient\u00edficos a nivel local, regional y mundial. Para ello se realizar\u00e1n estudios sobre las competencias de lecto-escritura de la comunidad universitaria, se dise\u00f1ar\u00e1 un programa de servicios y asesor\u00edas sobre la base de la construcci\u00f3n individual y colaborativa que se ir\u00e1 perfeccionando en la pr\u00e1ctica de manera que se logre elevar la difusi\u00f3n de los resultados investigativos en revistas indexadas.<\/p>\n<h2>L\u00edneas de Investigaci\u00f3n<\/h2>\n<ul>\n<li>Educaci\u00f3n, cultura, tecnolog\u00eda e innovaci\u00f3n para la sociedad<\/li>\n<\/ul>\n<h2>Director\/a<\/h2>\n<ul>\n<li>Mirtha D\u00edaz Manzano<\/li>\n<\/ul>\n<h2>Integrantes<\/h2>\n<ul>\n<li>Karina Vargas Castro<\/li>\n<li>Graciela Castro Castillo<\/li>\n<li>Jessica Mac\u00edas Alvarado<\/li>\n<li>Jubika Ripalda Asencio<\/li>\n<li>Jefferson Mendoza Carrera<\/li>\n<li>Diana Burgos Mendieta<\/li>\n<li>Ang\u00e9lica Jara Castro<\/li>\n<li>Narcisa Bravo<\/li>\n<li>Gardenia Ram\u00edrez<\/li>\n<li>Paolo Fabre<\/li>\n<li>Marta Ibarra<\/li>\n<li>Vivian Rojas<\/li>\n<li>Adri\u00e1n Garc\u00eda Lebroc<\/li>\n<li>Roxana Cetre V\u00e1squez<\/li>\n<\/ul>\n<p>&nbsp;<\/p>\n","protected":false},"excerpt":{"rendered":"<p>Descripci\u00f3n El grupo de investigaci\u00f3n tiene como finalidad fortalecer las competencias comunicativas en la comunidad universitaria que faciliten la difusi\u00f3n y la transferencia de los resultados cient\u00edficos a nivel local, [&hellip;]<\/p>\n","protected":false},"author":23,"featured_media":0,"parent":6584,"menu_order":0,"comment_status":"closed","ping_status":"closed","template":"","meta":{"_joinchat":[],"footnotes":""},"class_list":["post-6658","page","type-page","status-publish","hentry"],"_links":{"self":[{"href":"https:\/\/www.unemi.edu.ec\/index.php\/wp-json\/wp\/v2\/pages\/6658","targetHints":{"allow":["GET"]}}],"collection":[{"href":"https:\/\/www.unemi.edu.ec\/index.php\/wp-json\/wp\/v2\/pages"}],"about":[{"href":"https:\/\/www.unemi.edu.ec\/index.php\/wp-json\/wp\/v2\/types\/page"}],"author":[{"embeddable":true,"href":"https:\/\/www.unemi.edu.ec\/index.php\/wp-json\/wp\/v2\/users\/23"}],"replies":[{"embeddable":true,"href":"https:\/\/www.unemi.edu.ec\/index.php\/wp-json\/wp\/v2\/comments?post=6658"}],"version-history":[{"count":2,"href":"https:\/\/www.unemi.edu.ec\/index.php\/wp-json\/wp\/v2\/pages\/6658\/revisions"}],"predecessor-version":[{"id":34665,"href":"https:\/\/www.unemi.edu.ec\/index.php\/wp-json\/wp\/v2\/pages\/6658\/revisions\/34665"}],"up":[{"embeddable":true,"href":"https:\/\/www.unemi.edu.ec\/index.php\/wp-json\/wp\/v2\/pages\/6584"}],"wp:attachment":[{"href":"https:\/\/www.unemi.edu.ec\/index.php\/wp-json\/wp\/v2\/media?parent=6658"}],"curies":[{"name":"wp","href":"https:\/\/api.w.org\/{rel}","templated":true}]}}