{"id":6634,"date":"2018-03-13T19:49:50","date_gmt":"2018-03-13T19:49:50","guid":{"rendered":"https:\/\/https:\/\/www.unemi.edu.ec\/\/wordpress\/?page_id=6634"},"modified":"2023-03-13T09:30:13","modified_gmt":"2023-03-13T14:30:13","slug":"robotica","status":"publish","type":"page","link":"https:\/\/www.unemi.edu.ec\/index.php\/grupos-de-investigacion\/robotica\/","title":{"rendered":"Rob\u00f3tica"},"content":{"rendered":"<p>Incentivar la investigaci\u00f3n cient\u00edfica en temas de Rob\u00f3tica, Automatizaci\u00f3n, electr\u00f3nica, inform\u00e1tica, sistemas inteligentes, simulaci\u00f3n y su adecuada aplicaci\u00f3n en la soluci\u00f3n de problemas reales para fortalecer la divulgaci\u00f3n de resultados de proyectos de investigaci\u00f3n a nivel regional, nacional e internacional.<\/p>\n<p>El grupo de investigaci\u00f3n desarrollar\u00e1 sus actividades en la Facultad Ciencias de la Ingenier\u00eda con el apoyo del Departamento de Investigaci\u00f3n de la UNEMI, trabajar\u00e1 con la tem\u00e1tica de rob\u00f3tica, desarrollo y administraci\u00f3n de la producci\u00f3n, tecnolog\u00eda de la informaci\u00f3n y de la comunicaci\u00f3n.<\/p>\n<h3>L\u00ednea de Investigaci\u00f3n<\/h3>\n<ul>\n<li>Sociedad de la informaci\u00f3n, gesti\u00f3n, medios y tecnolog\u00eda<\/li>\n<\/ul>\n<h3>Director\/a<\/h3>\n<ul>\n<li><a href=\"\/index.php\/team\/raul-panchez-hernandez\/\">Ra\u00fal P\u00e1nchez Hern\u00e1ndez<\/a><\/li>\n<\/ul>\n<h3>Integrantes<\/h3>\n<ul>\n<li>Byron Romero Romero<\/li>\n<li>Dennis Mendoza<\/li>\n<li>Luis Torres<\/li>\n<li>Johnny Ortiz Mata<\/li>\n<li>Jos\u00e9 Saquinaula Brito<\/li>\n<li>Jos\u00e9 Salcedo Mu\u00f1oz<\/li>\n<\/ul>\n","protected":false},"excerpt":{"rendered":"<p>Incentivar la investigaci\u00f3n cient\u00edfica en temas de Rob\u00f3tica, Automatizaci\u00f3n, electr\u00f3nica, inform\u00e1tica, sistemas inteligentes, simulaci\u00f3n y su adecuada aplicaci\u00f3n en la soluci\u00f3n de problemas reales para fortalecer la divulgaci\u00f3n de resultados [&hellip;]<\/p>\n","protected":false},"author":23,"featured_media":0,"parent":6584,"menu_order":0,"comment_status":"closed","ping_status":"closed","template":"","meta":{"_joinchat":[],"footnotes":""},"class_list":["post-6634","page","type-page","status-publish","hentry"],"_links":{"self":[{"href":"https:\/\/www.unemi.edu.ec\/index.php\/wp-json\/wp\/v2\/pages\/6634","targetHints":{"allow":["GET"]}}],"collection":[{"href":"https:\/\/www.unemi.edu.ec\/index.php\/wp-json\/wp\/v2\/pages"}],"about":[{"href":"https:\/\/www.unemi.edu.ec\/index.php\/wp-json\/wp\/v2\/types\/page"}],"author":[{"embeddable":true,"href":"https:\/\/www.unemi.edu.ec\/index.php\/wp-json\/wp\/v2\/users\/23"}],"replies":[{"embeddable":true,"href":"https:\/\/www.unemi.edu.ec\/index.php\/wp-json\/wp\/v2\/comments?post=6634"}],"version-history":[{"count":2,"href":"https:\/\/www.unemi.edu.ec\/index.php\/wp-json\/wp\/v2\/pages\/6634\/revisions"}],"predecessor-version":[{"id":34703,"href":"https:\/\/www.unemi.edu.ec\/index.php\/wp-json\/wp\/v2\/pages\/6634\/revisions\/34703"}],"up":[{"embeddable":true,"href":"https:\/\/www.unemi.edu.ec\/index.php\/wp-json\/wp\/v2\/pages\/6584"}],"wp:attachment":[{"href":"https:\/\/www.unemi.edu.ec\/index.php\/wp-json\/wp\/v2\/media?parent=6634"}],"curies":[{"name":"wp","href":"https:\/\/api.w.org\/{rel}","templated":true}]}}