{"id":6632,"date":"2018-03-13T19:49:28","date_gmt":"2018-03-13T19:49:28","guid":{"rendered":"https:\/\/https:\/\/www.unemi.edu.ec\/\/wordpress\/?page_id=6632"},"modified":"2023-03-13T15:27:35","modified_gmt":"2023-03-13T20:27:35","slug":"gestion-y-tecnologia-en-la-sociedad-de-la-informacion-y-la-comunicacion","status":"publish","type":"page","link":"https:\/\/www.unemi.edu.ec\/index.php\/grupos-de-investigacion\/gestion-y-tecnologia-en-la-sociedad-de-la-informacion-y-la-comunicacion\/","title":{"rendered":"Gesti\u00f3n y tecnolog\u00eda en la sociedad de la informaci\u00f3n y la comunicaci\u00f3n"},"content":{"rendered":"<p>El objetivo del grupo es de desarrollar estudios e investigaciones alrededor gesti\u00f3n de los procesos de la informaci\u00f3n y de la comunicaci\u00f3n en el interior de todo tipo de organizaciones, a partir de la visi\u00f3n de la informaci\u00f3n como un ecosistema, en el cual los flujos informativos\u201e publicitario y comunicativos se convierten en un elemento dinamizador y generador de valor agregado, lo que facilita la aplicaci\u00f3n de estrategias.<\/p>\n<h3>L\u00ednea de Investigaci\u00f3n<\/h3>\n<ul>\n<li>Sociedad de la informaci\u00f3n, gesti\u00f3n, medios y tecnolog\u00eda<\/li>\n<\/ul>\n<h3>Director\/a<\/h3>\n<ul>\n<li><a href=\"\/index.php\/team\/rafael-lazo-sulca\/\">Rafael Lazo Sulca<\/a><\/li>\n<\/ul>\n<h3>Integrantes<\/h3>\n<ul>\n<li>Franklin Mac\u00edas Arroyo<\/li>\n<li>Ana del Rocio Cornejo<\/li>\n<li>Lissett Ar\u00e9valo Gamboa<\/li>\n<\/ul>\n","protected":false},"excerpt":{"rendered":"<p>El objetivo del grupo es de desarrollar estudios e investigaciones alrededor gesti\u00f3n de los procesos de la informaci\u00f3n y de la comunicaci\u00f3n en el interior de todo tipo de organizaciones, [&hellip;]<\/p>\n","protected":false},"author":23,"featured_media":0,"parent":6584,"menu_order":0,"comment_status":"closed","ping_status":"closed","template":"","meta":{"_joinchat":[],"footnotes":""},"class_list":["post-6632","page","type-page","status-publish","hentry"],"_links":{"self":[{"href":"https:\/\/www.unemi.edu.ec\/index.php\/wp-json\/wp\/v2\/pages\/6632","targetHints":{"allow":["GET"]}}],"collection":[{"href":"https:\/\/www.unemi.edu.ec\/index.php\/wp-json\/wp\/v2\/pages"}],"about":[{"href":"https:\/\/www.unemi.edu.ec\/index.php\/wp-json\/wp\/v2\/types\/page"}],"author":[{"embeddable":true,"href":"https:\/\/www.unemi.edu.ec\/index.php\/wp-json\/wp\/v2\/users\/23"}],"replies":[{"embeddable":true,"href":"https:\/\/www.unemi.edu.ec\/index.php\/wp-json\/wp\/v2\/comments?post=6632"}],"version-history":[{"count":2,"href":"https:\/\/www.unemi.edu.ec\/index.php\/wp-json\/wp\/v2\/pages\/6632\/revisions"}],"predecessor-version":[{"id":34723,"href":"https:\/\/www.unemi.edu.ec\/index.php\/wp-json\/wp\/v2\/pages\/6632\/revisions\/34723"}],"up":[{"embeddable":true,"href":"https:\/\/www.unemi.edu.ec\/index.php\/wp-json\/wp\/v2\/pages\/6584"}],"wp:attachment":[{"href":"https:\/\/www.unemi.edu.ec\/index.php\/wp-json\/wp\/v2\/media?parent=6632"}],"curies":[{"name":"wp","href":"https:\/\/api.w.org\/{rel}","templated":true}]}}

Gestión y tecnología en la sociedad de la información y la comunicación

<p>El objetivo del grupo es de desarrollar estudios e investigaciones alrededor gestión de los procesos de la información y de la comunicación en el interior de todo tipo de organizaciones, a partir de la visión de la información como un ecosistema, en el cual los flujos informativos„ publicitario y comunicativos se convierten en un elemento dinamizador y generador de valor agregado, lo que facilita la aplicación de estrategias.</p>
<h3>Línea de Investigación</h3>
<ul>
<li>Sociedad de la información, gestión, medios y tecnología</li>
</ul>
<h3>Director/a</h3>
<ul>
<li><a href="/index.php/team/rafael-lazo-sulca/">Rafael Lazo Sulca</a></li>
</ul>
<h3>Integrantes</h3>
<ul>
<li>Franklin Macías Arroyo</li>
<li>Ana del Rocio Cornejo</li>
<li>Lissett Arévalo Gamboa</li>
</ul>

<p>El objetivo del grupo es de desarrollar estudios e investigaciones alrededor gestión de los procesos de la información y de la comunicación en el interior de todo tipo de organizaciones, [&hellip;]</p>
