{"id":5900,"date":"2018-03-06T15:29:50","date_gmt":"2018-03-06T15:29:50","guid":{"rendered":"https:\/\/https:\/\/www.unemi.edu.ec\/\/wordpress\/?page_id=5900"},"modified":"2018-09-13T20:47:05","modified_gmt":"2018-09-13T20:47:05","slug":"atencion-primaria-de-infecciones-respiratorias-en-ninos-y-jovenes-2017","status":"publish","type":"page","link":"https:\/\/www.unemi.edu.ec\/index.php\/proyectos-de-vinculacion\/atencion-primaria-de-infecciones-respiratorias-en-ninos-y-jovenes-2017\/","title":{"rendered":"Atenci\u00f3n Primaria de Infecciones Respiratorias en Ni\u00f1os y J\u00f3venes  2017"},"content":{"rendered":"<p>Fortalecer la salud respiratoria de los ni\u00f1os y j\u00f3venes del Centro de Rehabilitaci\u00f3n y Educaci\u00f3n Especial C.R.E.E AVINNFA, para que puedan tener una mejor calidad de vida.<\/p>\n<h2>Docentes<\/h2>\n<ul>\n<li>Lorena Ram\u00edrez<\/li>\n<\/ul>\n","protected":false},"excerpt":{"rendered":"<p>Fortalecer la salud respiratoria de los ni\u00f1os y j\u00f3venes del Centro de Rehabilitaci\u00f3n y Educaci\u00f3n Especial C.R.E.E AVINNFA, para que puedan tener una mejor calidad de vida. Docentes Lorena Ram\u00edrez<\/p>\n","protected":false},"author":23,"featured_media":0,"parent":6176,"menu_order":0,"comment_status":"closed","ping_status":"closed","template":"","meta":{"_joinchat":[],"footnotes":""},"class_list":["post-5900","page","type-page","status-publish","hentry"],"_links":{"self":[{"href":"https:\/\/www.unemi.edu.ec\/index.php\/wp-json\/wp\/v2\/pages\/5900","targetHints":{"allow":["GET"]}}],"collection":[{"href":"https:\/\/www.unemi.edu.ec\/index.php\/wp-json\/wp\/v2\/pages"}],"about":[{"href":"https:\/\/www.unemi.edu.ec\/index.php\/wp-json\/wp\/v2\/types\/page"}],"author":[{"embeddable":true,"href":"https:\/\/www.unemi.edu.ec\/index.php\/wp-json\/wp\/v2\/users\/23"}],"replies":[{"embeddable":true,"href":"https:\/\/www.unemi.edu.ec\/index.php\/wp-json\/wp\/v2\/comments?post=5900"}],"version-history":[{"count":0,"href":"https:\/\/www.unemi.edu.ec\/index.php\/wp-json\/wp\/v2\/pages\/5900\/revisions"}],"up":[{"embeddable":true,"href":"https:\/\/www.unemi.edu.ec\/index.php\/wp-json\/wp\/v2\/pages\/6176"}],"wp:attachment":[{"href":"https:\/\/www.unemi.edu.ec\/index.php\/wp-json\/wp\/v2\/media?parent=5900"}],"curies":[{"name":"wp","href":"https:\/\/api.w.org\/{rel}","templated":true}]}}

Atención Primaria de Infecciones Respiratorias en Niños y Jóvenes  2017

<p>Fortalecer la salud respiratoria de los niños y jóvenes del Centro de Rehabilitación y Educación Especial C.R.E.E AVINNFA, para que puedan tener una mejor calidad de vida.</p>
<h2>Docentes</h2>
<ul>
<li>Lorena Ramírez</li>
</ul>

<p>Fortalecer la salud respiratoria de los niños y jóvenes del Centro de Rehabilitación y Educación Especial C.R.E.E AVINNFA, para que puedan tener una mejor calidad de vida. Docentes Lorena Ramírez</p>
