{"id":5898,"date":"2018-03-06T15:28:33","date_gmt":"2018-03-06T15:28:33","guid":{"rendered":"https:\/\/https:\/\/www.unemi.edu.ec\/\/wordpress\/?page_id=5898"},"modified":"2018-09-13T20:46:20","modified_gmt":"2018-09-13T20:46:20","slug":"prevencion-del-consumo-de-drogas-licitas-e-ilicitas-en-los-adolescentes-2017","status":"publish","type":"page","link":"https:\/\/www.unemi.edu.ec\/index.php\/proyectos-de-vinculacion\/prevencion-del-consumo-de-drogas-licitas-e-ilicitas-en-los-adolescentes-2017\/","title":{"rendered":"Prevenci\u00f3n del Consumo de Drogas L\u00edcitas e Il\u00edcitas en los Adolescentes  2017."},"content":{"rendered":"<p>Determinar la incidencia de la drogadicci\u00f3n en los adolescentes de los Colegios del \u00e1rea urbana marginal del Cant\u00f3n Milagro, identificar los factores de riesgo para el consumo de drogas percibidos en los adolescentes para lograr el auto cuidado y la prevenci\u00f3n , motivarlos para que modifiquen sus conductas hacia h\u00e1bitos de vida saludable<\/p>\n<h2>Docentes<\/h2>\n<ul>\n<li>Holguer Romero<\/li>\n<li>Pedro Herrera<\/li>\n<li>Gilma Guerrero<\/li>\n<li>Carmen Yancha<\/li>\n<li>June Robles<\/li>\n<li>Julio Posligua<\/li>\n<\/ul>\n","protected":false},"excerpt":{"rendered":"<p>Determinar la incidencia de la drogadicci\u00f3n en los adolescentes de los Colegios del \u00e1rea urbana marginal del Cant\u00f3n Milagro, identificar los factores de riesgo para el consumo de drogas percibidos [&hellip;]<\/p>\n","protected":false},"author":23,"featured_media":0,"parent":6176,"menu_order":0,"comment_status":"closed","ping_status":"closed","template":"","meta":{"_joinchat":[],"footnotes":""},"class_list":["post-5898","page","type-page","status-publish","hentry"],"_links":{"self":[{"href":"https:\/\/www.unemi.edu.ec\/index.php\/wp-json\/wp\/v2\/pages\/5898","targetHints":{"allow":["GET"]}}],"collection":[{"href":"https:\/\/www.unemi.edu.ec\/index.php\/wp-json\/wp\/v2\/pages"}],"about":[{"href":"https:\/\/www.unemi.edu.ec\/index.php\/wp-json\/wp\/v2\/types\/page"}],"author":[{"embeddable":true,"href":"https:\/\/www.unemi.edu.ec\/index.php\/wp-json\/wp\/v2\/users\/23"}],"replies":[{"embeddable":true,"href":"https:\/\/www.unemi.edu.ec\/index.php\/wp-json\/wp\/v2\/comments?post=5898"}],"version-history":[{"count":0,"href":"https:\/\/www.unemi.edu.ec\/index.php\/wp-json\/wp\/v2\/pages\/5898\/revisions"}],"up":[{"embeddable":true,"href":"https:\/\/www.unemi.edu.ec\/index.php\/wp-json\/wp\/v2\/pages\/6176"}],"wp:attachment":[{"href":"https:\/\/www.unemi.edu.ec\/index.php\/wp-json\/wp\/v2\/media?parent=5898"}],"curies":[{"name":"wp","href":"https:\/\/api.w.org\/{rel}","templated":true}]}}

Prevención del Consumo de Drogas Lícitas e Ilícitas en los Adolescentes  2017.

<p>Determinar la incidencia de la drogadicción en los adolescentes de los Colegios del área urbana marginal del Cantón Milagro, identificar los factores de riesgo para el consumo de drogas percibidos en los adolescentes para lograr el auto cuidado y la prevención , motivarlos para que modifiquen sus conductas hacia hábitos de vida saludable</p>
<h2>Docentes</h2>
<ul>
<li>Holguer Romero</li>
<li>Pedro Herrera</li>
<li>Gilma Guerrero</li>
<li>Carmen Yancha</li>
<li>June Robles</li>
<li>Julio Posligua</li>
</ul>

<p>Determinar la incidencia de la drogadicción en los adolescentes de los Colegios del área urbana marginal del Cantón Milagro, identificar los factores de riesgo para el consumo de drogas percibidos [&hellip;]</p>
