{"id":5894,"date":"2018-03-06T15:26:13","date_gmt":"2018-03-06T15:26:13","guid":{"rendered":"https:\/\/https:\/\/www.unemi.edu.ec\/\/wordpress\/?page_id=5894"},"modified":"2018-09-13T20:44:50","modified_gmt":"2018-09-13T20:44:50","slug":"liderazgo-potenciador-en-la-inclusion-de-la-familia-al-proceso-educativo-de-nivel-inicial-2017","status":"publish","type":"page","link":"https:\/\/www.unemi.edu.ec\/index.php\/proyectos-de-vinculacion\/liderazgo-potenciador-en-la-inclusion-de-la-familia-al-proceso-educativo-de-nivel-inicial-2017\/","title":{"rendered":"Liderazgo Potenciador en la Inclusi\u00f3n de la Familia al Proceso Educativo de Nivel Inicial  2017"},"content":{"rendered":"<p>Establecer talleres l\u00fadicos y creativos de inclusi\u00f3n familiar para integrar a la familia en los procesos de aprendizajes de las ni\u00f1as y los ni\u00f1os de las comunidades educativas de nuestra sociedad.<\/p>\n<h2>Docentes<\/h2>\n<ul>\n<li>Maritza Gutierrez<\/li>\n<li>Elka Almeida<\/li>\n<\/ul>\n","protected":false},"excerpt":{"rendered":"<p>Establecer talleres l\u00fadicos y creativos de inclusi\u00f3n familiar para integrar a la familia en los procesos de aprendizajes de las ni\u00f1as y los ni\u00f1os de las comunidades educativas de nuestra [&hellip;]<\/p>\n","protected":false},"author":23,"featured_media":0,"parent":6176,"menu_order":0,"comment_status":"closed","ping_status":"closed","template":"","meta":{"_joinchat":[],"footnotes":""},"class_list":["post-5894","page","type-page","status-publish","hentry"],"_links":{"self":[{"href":"https:\/\/www.unemi.edu.ec\/index.php\/wp-json\/wp\/v2\/pages\/5894","targetHints":{"allow":["GET"]}}],"collection":[{"href":"https:\/\/www.unemi.edu.ec\/index.php\/wp-json\/wp\/v2\/pages"}],"about":[{"href":"https:\/\/www.unemi.edu.ec\/index.php\/wp-json\/wp\/v2\/types\/page"}],"author":[{"embeddable":true,"href":"https:\/\/www.unemi.edu.ec\/index.php\/wp-json\/wp\/v2\/users\/23"}],"replies":[{"embeddable":true,"href":"https:\/\/www.unemi.edu.ec\/index.php\/wp-json\/wp\/v2\/comments?post=5894"}],"version-history":[{"count":0,"href":"https:\/\/www.unemi.edu.ec\/index.php\/wp-json\/wp\/v2\/pages\/5894\/revisions"}],"up":[{"embeddable":true,"href":"https:\/\/www.unemi.edu.ec\/index.php\/wp-json\/wp\/v2\/pages\/6176"}],"wp:attachment":[{"href":"https:\/\/www.unemi.edu.ec\/index.php\/wp-json\/wp\/v2\/media?parent=5894"}],"curies":[{"name":"wp","href":"https:\/\/api.w.org\/{rel}","templated":true}]}}

Liderazgo Potenciador en la Inclusión de la Familia al Proceso Educativo de Nivel Inicial  2017

<p>Establecer talleres lúdicos y creativos de inclusión familiar para integrar a la familia en los procesos de aprendizajes de las niñas y los niños de las comunidades educativas de nuestra sociedad.</p>
<h2>Docentes</h2>
<ul>
<li>Maritza Gutierrez</li>
<li>Elka Almeida</li>
</ul>

<p>Establecer talleres lúdicos y creativos de inclusión familiar para integrar a la familia en los procesos de aprendizajes de las niñas y los niños de las comunidades educativas de nuestra [&hellip;]</p>
