{"id":5890,"date":"2018-03-06T15:23:30","date_gmt":"2018-03-06T15:23:30","guid":{"rendered":"https:\/\/https:\/\/www.unemi.edu.ec\/\/wordpress\/?page_id=5890"},"modified":"2018-09-13T20:43:48","modified_gmt":"2018-09-13T20:43:48","slug":"centro-de-atencion-temprana-dra-maria-segovia-en-convenio-unemi-gad-municipal-de-simon-bolivar-2017","status":"publish","type":"page","link":"https:\/\/www.unemi.edu.ec\/index.php\/proyectos-de-vinculacion\/centro-de-atencion-temprana-dra-maria-segovia-en-convenio-unemi-gad-municipal-de-simon-bolivar-2017\/","title":{"rendered":"Centro de Atenci\u00f3n Temprana Dra. Mar\u00eda Segovia en Convenio Unemi-Gad Municipal de Simon Bolivar 2017"},"content":{"rendered":"[vc_row][vc_column][vc_column_text]\n<h2>Perfil del Proyecto<\/h2>\n<p>Fomentar el m\u00e1ximo desarrollo de los ni\u00f1os y ni\u00f1as en sus \u00e1reas cognitiva, motriz, lenguaje y social-afectiva, mediante la ejecuci\u00f3n de sesiones de estimulaci\u00f3n individuales de acuerdo al grupo etario e involucrar activamente a los padres de familias con su participaci\u00f3n en el aprendizaje de sus hijos.<\/p>\n<h2>Docentes<\/h2>\n<ul>\n<li>Gardenia Ram\u00edrez Aguirre<\/li>\n<\/ul>\n[\/vc_column_text][\/vc_column][\/vc_row]\n","protected":false},"excerpt":{"rendered":"<p>[vc_row][vc_column][vc_column_text] Perfil del Proyecto Fomentar el m\u00e1ximo desarrollo de los ni\u00f1os y ni\u00f1as en sus \u00e1reas cognitiva, motriz, lenguaje y social-afectiva, mediante la ejecuci\u00f3n de sesiones de estimulaci\u00f3n individuales de [&hellip;]<\/p>\n","protected":false},"author":23,"featured_media":0,"parent":6176,"menu_order":0,"comment_status":"closed","ping_status":"closed","template":"","meta":{"_joinchat":[],"footnotes":""},"class_list":["post-5890","page","type-page","status-publish","hentry"],"_links":{"self":[{"href":"https:\/\/www.unemi.edu.ec\/index.php\/wp-json\/wp\/v2\/pages\/5890","targetHints":{"allow":["GET"]}}],"collection":[{"href":"https:\/\/www.unemi.edu.ec\/index.php\/wp-json\/wp\/v2\/pages"}],"about":[{"href":"https:\/\/www.unemi.edu.ec\/index.php\/wp-json\/wp\/v2\/types\/page"}],"author":[{"embeddable":true,"href":"https:\/\/www.unemi.edu.ec\/index.php\/wp-json\/wp\/v2\/users\/23"}],"replies":[{"embeddable":true,"href":"https:\/\/www.unemi.edu.ec\/index.php\/wp-json\/wp\/v2\/comments?post=5890"}],"version-history":[{"count":0,"href":"https:\/\/www.unemi.edu.ec\/index.php\/wp-json\/wp\/v2\/pages\/5890\/revisions"}],"up":[{"embeddable":true,"href":"https:\/\/www.unemi.edu.ec\/index.php\/wp-json\/wp\/v2\/pages\/6176"}],"wp:attachment":[{"href":"https:\/\/www.unemi.edu.ec\/index.php\/wp-json\/wp\/v2\/media?parent=5890"}],"curies":[{"name":"wp","href":"https:\/\/api.w.org\/{rel}","templated":true}]}}

Centro de Atención Temprana Dra. María Segovia en Convenio Unemi-Gad Municipal de Simon Bolivar 2017

[vc_row][vc_column][vc_column_text]
<h2>Perfil del Proyecto</h2>
<p>Fomentar el máximo desarrollo de los niños y niñas en sus áreas cognitiva, motriz, lenguaje y social-afectiva, mediante la ejecución de sesiones de estimulación individuales de acuerdo al grupo etario e involucrar activamente a los padres de familias con su participación en el aprendizaje de sus hijos.</p>
<h2>Docentes</h2>
<ul>
<li>Gardenia Ramírez Aguirre</li>
</ul>
[/vc_column_text][/vc_column][/vc_row]

<p>[vc_row][vc_column][vc_column_text] Perfil del Proyecto Fomentar el máximo desarrollo de los niños y niñas en sus áreas cognitiva, motriz, lenguaje y social-afectiva, mediante la ejecución de sesiones de estimulación individuales de [&hellip;]</p>
