{"id":50810,"date":"2025-10-18T17:07:40","date_gmt":"2025-10-18T22:07:40","guid":{"rendered":"https:\/\/www.unemi.edu.ec\/?page_id=50810"},"modified":"2025-10-28T12:19:31","modified_gmt":"2025-10-28T17:19:31","slug":"desarrollo-y-optimizacion","status":"publish","type":"page","link":"https:\/\/www.unemi.edu.ec\/index.php\/dac\/desarrollo-y-optimizacion\/","title":{"rendered":"Gesti\u00f3n de Desarrollo y Optimizaci\u00f3n Institucional"},"content":{"rendered":"[vc_section full_width=&#8221;stretch_row_content&#8221; css=&#8221;.vc_custom_1723740052070{padding-top: 0px !important;background-image: url(https:\/\/www.unemi.edu.ec\/wp-content\/uploads\/2024\/05\/Captura-de-pantalla-2024-05-02-110058.png?id=40563) !important;background-position: center !important;background-repeat: no-repeat !important;background-size: cover !important;}&#8221;][vc_row full_width=&#8221;stretch_row&#8221; css=&#8221;.vc_custom_1716406975308{padding-top: 100px !important;padding-bottom: 60px !important;background-color: rgba(10,10,10,0.51) !important;*background-color: rgb(10,10,10) !important;}&#8221;][vc_column][vc_custom_heading text=&#8221;Direcci\u00f3n de Aseguramiento de la Calidad&#8221; font_container=&#8221;tag:div|font_size:21px|text_align:left|color:%23ffffff&#8221; google_fonts=&#8221;font_family:Montserrat%3Aregular%2C700|font_style:400%20regular%3A400%3Anormal&#8221;][gt3_spacing height=&#8221;10px&#8221;][vc_custom_heading text=&#8221;Gesti\u00f3n de Desarrollo y Optimizaci\u00f3n Institucional&#8221; font_container=&#8221;tag:h1|font_size:43px|text_align:left|color:%23ffffff&#8221; google_fonts=&#8221;font_family:Montserrat%3Aregular%2C700|font_style:700%20bold%20regular%3A700%3Anormal&#8221;][\/vc_column][\/vc_row][\/vc_section][vc_section full_width=&#8221;stretch_row&#8221; css=&#8221;.vc_custom_1720028815429{padding-top: 70px !important;padding-bottom: 70px !important;background-color: #f8f9fa !important;}&#8221;][vc_row gap=&#8221;20&#8243;][vc_column width=&#8221;1\/2&#8243;][vc_custom_heading text=&#8221;Transformamos los procesos universitarios en oportunidades de mejora, innovaci\u00f3n y excelencia institucional&#8221; font_container=&#8221;tag:h2|font_size:24px|text_align:left|line_height:30px&#8221; google_fonts=&#8221;font_family:Montserrat%3Aregular%2C700|font_style:700%20bold%20regular%3A700%3Anormal&#8221;][gt3_spacing height=&#8221;10px&#8221;][gt3_button button_title=&#8221;Conozca m\u00e1s sobre nuestra gesti\u00f3n&#8221; button_size=&#8221;mini&#8221; btn_border_style=&#8221;none&#8221; btn_icon_type=&#8221;font&#8221; btn_icon_fontawesome=&#8221;fas fa-angle-right&#8221; btn_icon_position=&#8221;right&#8221; icon_font_size=&#8221;22&#8243; btn_font_size=&#8221;16&#8243; use_theme_button=&#8221;&#8221; btn_bg_color=&#8221;#f8f9fa&#8221; btn_text_color=&#8221;#288cff&#8221; btn_bg_color_hover=&#8221;#f8f9fa&#8221; btn_text_color_hover=&#8221;#0077ff&#8221; btn_icon_color=&#8221;#288cff&#8221; btn_icon_color_hover=&#8221;#0077ff&#8221; btn_border_color=&#8221;#f9b000&#8243; btn_border_color_hover=&#8221;#f9b000&#8243; link=&#8221;url:%23listado&#8221; css=&#8221;.vc_custom_1760751089906{padding-left: 0px !important;}&#8221;][\/vc_column][vc_column width=&#8221;1\/2&#8243;][vc_column_text]\n<p style=\"text-align: justify;\"><span>La Gesti\u00f3n de Desarrollo y Optimizaci\u00f3n Institucional ser\u00e1 responsable de coordinar, asesorar y participar en los estudios t\u00e9cnicos de la estructura org\u00e1nica, la documentaci\u00f3n de los procesos desde las propuestas de los responsables, el seguimiento a las estructuras org\u00e1nicas y las evaluaciones de los procesos para contribuir con la mejora continua institucional.<\/span><\/p>\n[\/vc_column_text][\/vc_column][\/vc_row][\/vc_section][vc_section full_width=&#8221;stretch_row&#8221; el_id=&#8221;proceso&#8221;][vc_row gap=&#8221;20&#8243;][vc_column][gt3_spacing height=&#8221;100px&#8221;][vc_custom_heading text=&#8221;Macro procesos&#8221; font_container=&#8221;tag:h2|font_size:32px|text_align:left&#8221; google_fonts=&#8221;font_family:Montserrat%3Aregular%2C700|font_style:700%20bold%20regular%3A700%3Anormal&#8221;][vc_row_inner equal_height=&#8221;yes&#8221; gap=&#8221;20&#8243;][vc_column_inner width=&#8221;1\/2&#8243; css=&#8221;.vc_custom_1761652052780{padding-top: 50px !important;padding-right: 50px !important;padding-bottom: 50px !important;padding-left: 50px !important;background-color: #f8f9fa !important;border-radius: 15px !important;}&#8221;][gt3_spacing height=&#8221;10px&#8221;][vc_column_text]\n<ul class=\"lista-procesos\">\n<li><span style=\"font-size: 14pt;\">Docencia<\/span><\/li>\n<li><span style=\"font-size: 14pt;\">Gesti\u00f3n de Bienestar Universitario<\/span><\/li>\n<li><span style=\"font-size: 14pt;\">Gesti\u00f3n de Comunicaci\u00f3n Institucional<\/span><\/li>\n<li><span style=\"font-size: 14pt;\">Gesti\u00f3n de Gobierno y Gobernanza<\/span><\/li>\n<li><span style=\"font-size: 14pt;\">Gesti\u00f3n de Infraestructura, Recursos F\u00edsicos y Tecnol\u00f3gicos<\/span><\/li>\n<li><span style=\"font-size: 14pt;\">Gesti\u00f3n de Relaciones Interinstitucionales<\/span><\/li>\n<\/ul>\n[\/vc_column_text][\/vc_column_inner][vc_column_inner width=&#8221;1\/2&#8243; css=&#8221;.vc_custom_1761652059290{padding-top: 50px !important;padding-right: 50px !important;padding-bottom: 50px !important;padding-left: 50px !important;background-color: #f8f9fa !important;border-radius: 15px !important;}&#8221;][gt3_spacing height=&#8221;10px&#8221;][vc_column_text]\n<ul class=\"lista-procesos\">\n<li><span style=\"font-size: 14pt;\">Gesti\u00f3n del Talento Humano<\/span><\/li>\n<li><span style=\"font-size: 14pt;\">Gesti\u00f3n Financiera y Presupuestaria<\/span><\/li>\n<li><span style=\"font-size: 14pt;\">Investigaci\u00f3n<\/span><\/li>\n<li><span style=\"font-size: 14pt;\">Medici\u00f3n, Evaluaci\u00f3n y Mejora continua<\/span><\/li>\n<li><span style=\"font-size: 14pt;\">Planificaci\u00f3n Estrat\u00e9gica Institucional<\/span><\/li>\n<li><span style=\"font-size: 14pt;\">Vinculaci\u00f3n<\/span><\/li>\n<\/ul>\n[\/vc_column_text][\/vc_column_inner][\/vc_row_inner][gt3_spacing height=&#8221;50px&#8221;][vc_column_text]\n<p style=\"text-align: center;\"><span style=\"font-size: 14pt;\">\u00bfDeseas conocer alguno de nuestros procesos?<\/span><\/p>\n[\/vc_column_text][gt3_spacing height=&#8221;10px&#8221;][gt3_button button_title=&#8221;Solicitalo aqu\u00ed&#8221; button_alignment=&#8221;center&#8221; btn_border_radius=&#8221;4px&#8221; btn_border_style=&#8221;none&#8221; use_theme_fonts_button=&#8221;&#8221; google_fonts_button=&#8221;font_family:Montserrat%3Aregular%2C700|font_style:700%20bold%20regular%3A700%3Anormal&#8221; btn_font_size=&#8221;16&#8243; use_theme_button=&#8221;&#8221; btn_bg_color=&#8221;#1a73e8&#8243; btn_text_color=&#8221;#ffffff&#8221; btn_bg_color_hover=&#8221;#174ea6&#8243; btn_text_color_hover=&#8221;#ffffff&#8221; btn_icon_color=&#8221;#288cff&#8221; btn_icon_color_hover=&#8221;#0077ff&#8221; btn_border_color=&#8221;#f9b000&#8243; btn_border_color_hover=&#8221;#f9b000&#8243; link=&#8221;url:https%3A%2F%2Fsagest.unemi.edu.ec%2Floginsagest%3Fret%3D%2Fadm_procedimientos_calidad&#8221; css=&#8221;.vc_custom_1761652405336{padding-top: 12px !important;padding-right: 24px !important;padding-bottom: 12px !important;padding-left: 24px !important;}&#8221;][gt3_spacing height=&#8221;100px&#8221;][\/vc_column][\/vc_row][\/vc_section][vc_section full_width=&#8221;stretch_row&#8221;][vc_row full_width=&#8221;stretch_row&#8221; gap=&#8221;20&#8243; css=&#8221;.vc_custom_1761603466168{background-color: #f8f9fa !important;}&#8221;][vc_column][gt3_spacing height=&#8221;100px&#8221;][vc_custom_heading text=&#8221;Automatizaciones&#8221; font_container=&#8221;tag:h2|font_size:32px|text_align:left&#8221; google_fonts=&#8221;font_family:Montserrat%3Aregular%2C700|font_style:700%20bold%20regular%3A700%3Anormal&#8221;][gt3_spacing height=&#8221;10px&#8221;][vc_column_text]\n<p data-start=\"143\" data-end=\"236\">Implementamos soluciones inteligentes que optimizan tareas y aumentan la productividad.<\/p>\n[\/vc_column_text][gt3_spacing height=&#8221;20px&#8221;][vc_tta_accordion style=&#8221;accordion_bordered&#8221; active_section=&#8221;1&#8243; css=&#8221;.vc_custom_1761601846870{border-bottom-width: 1px !important;}&#8221;][vc_tta_section title=&#8221;General&#8221; tab_id=&#8221;1761600362319-cd108d59-18d4&#8243;][vc_row_inner equal_height=&#8221;yes&#8221; gap=&#8221;20&#8243; css=&#8221;.vc_custom_1761651581713{margin-right: 25px !important;margin-left: 25px !important;}&#8221;][vc_column_inner width=&#8221;1\/3&#8243; css=&#8221;.vc_custom_1761651179113{padding-top: 50px !important;padding-right: 50px !important;padding-bottom: 50px !important;padding-left: 50px !important;background-color: #ffffff !important;border-radius: 15px !important;}&#8221;][gt3_image_box thumbnail=&#8221;6722&#8243; image_position=&#8221;top&#8221; title_tag=&#8221;h3&#8243; imagebox_title_size=&#8221;22&#8243; title_color=&#8221;#192041&#8243; text_color=&#8221;#3c434b&#8221; link_color=&#8221;#fe9900&#8243; link_hover_color=&#8221;#192041&#8243; new_tab=&#8221;&#8221; heading=&#8221;Dashboard de datos institucionales&#8221; text=&#8221;Visualiza en tiempo real indicadores clave.&#8221;][gt3_spacing height=&#8221;15px&#8221;][vc_column_text]<strong>Objetivo:<br \/>\n<\/strong>Consolidar m\u00e9tricas para la toma de decisiones.<\/p>\n<p><strong>C\u00f3mo funciona:<br \/>\n<\/strong>Hojas de c\u00e1lculo y bases internas; actualizaci\u00f3n diaria.<strong><br \/>\n<\/strong>[\/vc_column_text][\/vc_column_inner][vc_column_inner width=&#8221;1\/3&#8243; css=&#8221;.vc_custom_1761651258220{padding-top: 50px !important;padding-right: 50px !important;padding-bottom: 50px !important;padding-left: 50px !important;background-color: #ffffff !important;border-radius: 15px !important;}&#8221;][gt3_image_box thumbnail=&#8221;6722&#8243; image_position=&#8221;top&#8221; title_tag=&#8221;h3&#8243; imagebox_title_size=&#8221;22&#8243; title_color=&#8221;#192041&#8243; text_color=&#8221;#3c434b&#8221; link_color=&#8221;#fe9900&#8243; link_hover_color=&#8221;#192041&#8243; new_tab=&#8221;&#8221; heading=&#8221;Generaci\u00f3n de certificados de cursos\/capacitaciones&#8221; text=&#8221;Emite certificados PDF y los env\u00eda por correo.&#8221;][gt3_spacing height=&#8221;15px&#8221;][vc_column_text]<strong>Objetivo:<br \/>\n<\/strong><span>Reducir tiempos manuales.<\/span><\/p>\n<p><strong>C\u00f3mo funciona:<br \/>\n<\/strong>Formulario + plantillas; Google Drive + correo.[\/vc_column_text][\/vc_column_inner][vc_column_inner width=&#8221;1\/3&#8243;][\/vc_column_inner][\/vc_row_inner][\/vc_tta_section][vc_tta_section title=&#8221;Direcci\u00f3n de Talento Humano&#8221; tab_id=&#8221;1761600362342-7ba7f2a9-c3b5&#8243;][vc_row_inner equal_height=&#8221;yes&#8221; gap=&#8221;20&#8243; css=&#8221;.vc_custom_1761651581713{margin-right: 25px !important;margin-left: 25px !important;}&#8221;][vc_column_inner width=&#8221;1\/3&#8243; css=&#8221;.vc_custom_1761651179113{padding-top: 50px !important;padding-right: 50px !important;padding-bottom: 50px !important;padding-left: 50px !important;background-color: #ffffff !important;border-radius: 15px !important;}&#8221;][gt3_image_box thumbnail=&#8221;6722&#8243; image_position=&#8221;top&#8221; title_tag=&#8221;h3&#8243; imagebox_title_size=&#8221;22&#8243; title_color=&#8221;#192041&#8243; text_color=&#8221;#3c434b&#8221; link_color=&#8221;#fe9900&#8243; link_hover_color=&#8221;#192041&#8243; new_tab=&#8221;&#8221; heading=&#8221;Constataci\u00f3n de puestos y chaleco&#8221; text=&#8221;Control del uso de uniforme.&#8221;][gt3_spacing height=&#8221;15px&#8221;][vc_column_text]<strong>Objetivo:<br \/>\n<\/strong><span>Reducir tiempos manuales.<\/span><\/p>\n<p><strong>C\u00f3mo funciona:<br \/>\n<\/strong>Checklists y reportes autom\u00e1ticos.[\/vc_column_text][\/vc_column_inner][vc_column_inner width=&#8221;1\/3&#8243; css=&#8221;.vc_custom_1761651258220{padding-top: 50px !important;padding-right: 50px !important;padding-bottom: 50px !important;padding-left: 50px !important;background-color: #ffffff !important;border-radius: 15px !important;}&#8221;][gt3_image_box thumbnail=&#8221;6722&#8243; image_position=&#8221;top&#8221; title_tag=&#8221;h3&#8243; imagebox_title_size=&#8221;22&#8243; title_color=&#8221;#192041&#8243; text_color=&#8221;#3c434b&#8221; link_color=&#8221;#fe9900&#8243; link_hover_color=&#8221;#192041&#8243; new_tab=&#8221;&#8221; heading=&#8221;Notificaciones para Acci\u00f3n de Personal&#8221; text=&#8221;Env\u00edo masivo para legalizaci\u00f3n.&#8221;][gt3_spacing height=&#8221;15px&#8221;][vc_column_text]<strong>Objetivo:<br \/>\n<\/strong>Reducir errores de seguimiento.<\/p>\n<p><strong>C\u00f3mo funciona:<br \/>\n<\/strong><span>Correo electr\u00f3nico.<\/span>[\/vc_column_text][\/vc_column_inner][vc_column_inner width=&#8221;1\/3&#8243; css=&#8221;.vc_custom_1761651722512{padding-top: 50px !important;padding-right: 50px !important;padding-bottom: 50px !important;padding-left: 50px !important;background-color: #ffffff !important;border-radius: 15px !important;}&#8221;][gt3_image_box thumbnail=&#8221;6722&#8243; image_position=&#8221;top&#8221; title_tag=&#8221;h3&#8243; imagebox_title_size=&#8221;22&#8243; title_color=&#8221;#192041&#8243; text_color=&#8221;#3c434b&#8221; link_color=&#8221;#fe9900&#8243; link_hover_color=&#8221;#192041&#8243; new_tab=&#8221;&#8221; heading=&#8221;Notificaciones para contratos&#8221; text=&#8221;Avisos y recordatorios.&#8221;][gt3_spacing height=&#8221;15px&#8221;][vc_column_text]<strong>Objetivo:<br \/>\n<\/strong>Evitar vencimientos.<\/p>\n<p><strong>C\u00f3mo funciona:<br \/>\n<\/strong><span>Correo electr\u00f3nico.<\/span>[\/vc_column_text][\/vc_column_inner][\/vc_row_inner][vc_row_inner equal_height=&#8221;yes&#8221; gap=&#8221;20&#8243; css=&#8221;.vc_custom_1761651581713{margin-right: 25px !important;margin-left: 25px !important;}&#8221;][vc_column_inner width=&#8221;1\/3&#8243; css=&#8221;.vc_custom_1761651179113{padding-top: 50px !important;padding-right: 50px !important;padding-bottom: 50px !important;padding-left: 50px !important;background-color: #ffffff !important;border-radius: 15px !important;}&#8221;][gt3_image_box thumbnail=&#8221;6722&#8243; image_position=&#8221;top&#8221; title_tag=&#8221;h3&#8243; imagebox_title_size=&#8221;22&#8243; title_color=&#8221;#192041&#8243; text_color=&#8221;#3c434b&#8221; link_color=&#8221;#fe9900&#8243; link_hover_color=&#8221;#192041&#8243; new_tab=&#8221;&#8221; heading=&#8221;Notificaciones para selecci\u00f3n de personal&#8221; text=&#8221;Solicita documentaci\u00f3n requerida.&#8221;][gt3_spacing height=&#8221;15px&#8221;][vc_column_text]<strong>Objetivo:<br \/>\n<\/strong><span><\/span>Disminuir trabajo manual.<\/p>\n<p><strong>C\u00f3mo funciona:<br \/>\n<\/strong><span>Secuencias por etapa<\/span>.[\/vc_column_text][\/vc_column_inner][vc_column_inner width=&#8221;1\/3&#8243; css=&#8221;.vc_custom_1761651861018{padding-top: 50px !important;padding-right: 50px !important;padding-bottom: 50px !important;padding-left: 50px !important;border-radius: 15px !important;}&#8221;][\/vc_column_inner][vc_column_inner width=&#8221;1\/3&#8243; css=&#8221;.vc_custom_1761651867265{padding-top: 50px !important;padding-right: 50px !important;padding-bottom: 50px !important;padding-left: 50px !important;border-radius: 15px !important;}&#8221;][\/vc_column_inner][\/vc_row_inner][\/vc_tta_section][\/vc_tta_accordion][gt3_spacing height=&#8221;100px&#8221;][\/vc_column][\/vc_row][\/vc_section][vc_section full_width=&#8221;stretch_row&#8221; disable_element=&#8221;yes&#8221;][vc_row gap=&#8221;30&#8243; css=&#8221;.vc_custom_1720029227313{padding-top: 100px !important;padding-bottom: 120px !important;}&#8221;][vc_column width=&#8221;1\/2&#8243;][vc_single_image image=&#8221;43536&#8243; img_size=&#8221;full&#8221; alignment=&#8221;center&#8221; style=&#8221;vc_box_shadow_3d&#8221;][\/vc_column][vc_column width=&#8221;1\/2&#8243;][vc_custom_heading text=&#8221;SOMOS LO QUE HACEMOS&#8221; font_container=&#8221;tag:h2|font_size:16px|text_align:left&#8221; google_fonts=&#8221;font_family:Montserrat%3Aregular%2C700|font_style:400%20regular%3A400%3Anormal&#8221;][gt3_spacing height=&#8221;15px&#8221;][vc_custom_heading text=&#8221;Desarrolle en su localidad un punto de encuentro para la innovaci\u00f3n y el aprendizaje con UNEMI&#8221; font_container=&#8221;tag:h2|font_size:24px|text_align:left&#8221; google_fonts=&#8221;font_family:Montserrat%3Aregular%2C700|font_style:700%20bold%20regular%3A700%3Anormal&#8221;][gt3_spacing height=&#8221;20px&#8221;][vc_toggle title=&#8221;\u00bfC\u00f3mo solicitar?&#8221; color=&#8221;chevron&#8221; open=&#8221;true&#8221;]\n<p style=\"text-align: justify;\">El organismo externo interesado puede descargar desde este apartado la informaci\u00f3n, documentaci\u00f3n y formatos necesarios para realizar la solicitud de colaboraci\u00f3n, o bien, requerirla directamente a la Universidad Estatal de Milagro. <a href=\"#unidades\">Descargar formatos<\/a><\/p>\n[\/vc_toggle][vc_toggle title=&#8221;\u00bfQu\u00e9 requisitos debo presentar?&#8221; color=&#8221;chevron&#8221;]\n<p style=\"text-align: justify;\">Debe adjuntar a la solicitud los documentos requeridos seg\u00fan Art\u00edculo 6 del Instructivo para la creaci\u00f3n, seguimiento y evaluaci\u00f3n de Sedes, Extensiones y Centros de Apoyo de la Universidad Estatal de Milagro. <a href=\"https:\/\/www.unemi.edu.ec\/wp-content\/uploads\/2024\/10\/INSTRUCTIVO-PARA-LA-CREACION-SEGUIMIENTO-Y-EVALUACION-DE-SEDES-EXTENSIONES-Y-CENTROS-DE-APOYO-DE-LA-UNIVERSIDAD-ESTATAL-DE-MILAGRO-v1.pdf\">Ver reglamento<\/a><\/p>\n[\/vc_toggle][vc_toggle title=&#8221;\u00bfD\u00f3nde env\u00edo la solicitud?&#8221; color=&#8221;chevron&#8221;]La solicitud de colaboraci\u00f3n <span>para la creaci\u00f3n de sede, extensi\u00f3n o centro de apoyo, <\/span>debe enviarse firmada manual o electr\u00f3nicamente por el representante del organismo externo interesado, al Rectorado de la Universidad Estatal de Milagro a trav\u00e9s de la direcci\u00f3n de correo electr\u00f3nico: <a href=\"mailto:rectorado@unemi.edu.ec\">rectorado@unemi.edu.ec<\/a>[\/vc_toggle][\/vc_column][\/vc_row][\/vc_section][vc_section full_width=&#8221;stretch_row&#8221; disable_element=&#8221;yes&#8221; css=&#8221;.vc_custom_1760750049213{background-color: #f8f9fa !important;}&#8221; el_id=&#8221;unidades&#8221;][vc_row][vc_column][gt3_spacing height=&#8221;100px&#8221;][vc_custom_heading text=&#8221;Estructura institucional&#8221; font_container=&#8221;tag:h2|font_size:32px|text_align:center&#8221; google_fonts=&#8221;font_family:Montserrat%3Aregular%2C700|font_style:700%20bold%20regular%3A700%3Anormal&#8221;][gt3_spacing height=&#8221;10px&#8221;][vc_column_text]\n<p style=\"text-align: center;\">Conozca los tipos de unidades establecidas en la normativa y solicite la opci\u00f3n que se adapte<br \/>\na las necesidades de su comunidad y a nuestros requerimientos institucionales<\/p>\n[\/vc_column_text][gt3_spacing height=&#8221;50px&#8221;][\/vc_column][\/vc_row][vc_row][vc_column][gt3_spacing height=&#8221;100px&#8221;][\/vc_column][\/vc_row][\/vc_section][vc_section full_width=&#8221;stretch_row&#8221; disable_element=&#8221;yes&#8221; css=&#8221;.vc_custom_1723480060992{padding-top: 100px !important;padding-bottom: 100px !important;background-color: #f8f9fa !important;}&#8221;][vc_row gap=&#8221;35&#8243; content_placement=&#8221;middle&#8221;][vc_column width=&#8221;1\/3&#8243;][vc_custom_heading text=&#8221;M\u00c1S INFORMACI\u00d3N&#8221; font_container=&#8221;tag:h2|font_size:16px|text_align:left&#8221; google_fonts=&#8221;font_family:Montserrat%3Aregular%2C700|font_style:400%20regular%3A400%3Anormal&#8221;][gt3_spacing height=&#8221;15px&#8221;][vc_custom_heading text=&#8221;Cont\u00e1ctanos&#8221; font_container=&#8221;tag:h2|font_size:32px|text_align:left&#8221; google_fonts=&#8221;font_family:Montserrat%3Aregular%2C700|font_style:700%20bold%20regular%3A700%3Anormal&#8221;][gt3_spacing height=&#8221;10px&#8221;][vc_column_text]\n<p style=\"text-align: left;\">En caso de requerir asistencia para solicitar el aval acad\u00e9mico y\/o cient\u00edfico.<\/p>\n[\/vc_column_text][gt3_spacing height=&#8221;10px&#8221;][vc_column_text][\/vc_column_text][\/vc_column][vc_column width=&#8221;1\/3&#8243;][gt3_icon_box icon_type=&#8221;font&#8221; icon_fontawesome=&#8221;fas fa-globe-americas&#8221; icon_position=&#8221;left&#8221; icon_size=&#8221;regular&#8221; icon_color=&#8221;#f9b000&#8243; title_tag=&#8221;h4&#8243; title_color=&#8221;#192041&#8243; text_color=&#8221;#3c434b&#8221; link_color=&#8221;#f9b000&#8243; link_hover_color=&#8221;#192041&#8243; new_tab=&#8221;true&#8221; icon_circle=&#8221;&#8221; icon_add_number=&#8221;&#8221; heading=&#8221;Sitio web&#8221; url=&#8221;epunemi.gob.ec\/contacto&#8221; url_text=&#8221;Ir al sitio web&#8221; text=&#8221;epunemi.gob.ec\/contacto&#8221;][\/vc_column][vc_column width=&#8221;1\/3&#8243;][gt3_icon_box icon_type=&#8221;font&#8221; icon_fontawesome=&#8221;far fa-envelope&#8221; icon_position=&#8221;left&#8221; icon_size=&#8221;regular&#8221; icon_color=&#8221;#f9b000&#8243; title_tag=&#8221;h4&#8243; title_color=&#8221;#192041&#8243; text_color=&#8221;#3c434b&#8221; link_color=&#8221;#f9b000&#8243; link_hover_color=&#8221;#192041&#8243; new_tab=&#8221;true&#8221; icon_circle=&#8221;&#8221; icon_add_number=&#8221;&#8221; heading=&#8221;Correo&#8221; text=&#8221;gerenciaepunemi@unemi.edu.ec<br \/>\nmluzuriaga@epunemi.gob.ec&#8221;][\/vc_column][\/vc_row][\/vc_section]\n","protected":false},"excerpt":{"rendered":"<p>[vc_section full_width=&#8221;stretch_row_content&#8221; css=&#8221;.vc_custom_1723740052070{padding-top: 0px !important;background-image: url(https:\/\/www.unemi.edu.ec\/wp-content\/uploads\/2024\/05\/Captura-de-pantalla-2024-05-02-110058.png?id=40563) !important;background-position: center !important;background-repeat: no-repeat !important;background-size: cover !important;}&#8221;][vc_row full_width=&#8221;stretch_row&#8221; css=&#8221;.vc_custom_1716406975308{padding-top: 100px !important;padding-bottom: 60px !important;background-color: rgba(10,10,10,0.51) !important;*background-color: rgb(10,10,10) !important;}&#8221;][vc_column][vc_custom_heading text=&#8221;Direcci\u00f3n de Aseguramiento de la Calidad&#8221; font_container=&#8221;tag:div|font_size:21px|text_align:left|color:%23ffffff&#8221; [&hellip;]<\/p>\n","protected":false},"author":35,"featured_media":34282,"parent":50757,"menu_order":0,"comment_status":"closed","ping_status":"closed","template":"","meta":{"_joinchat":[],"footnotes":""},"class_list":["post-50810","page","type-page","status-publish","has-post-thumbnail","hentry"],"_links":{"self":[{"href":"https:\/\/www.unemi.edu.ec\/index.php\/wp-json\/wp\/v2\/pages\/50810","targetHints":{"allow":["GET"]}}],"collection":[{"href":"https:\/\/www.unemi.edu.ec\/index.php\/wp-json\/wp\/v2\/pages"}],"about":[{"href":"https:\/\/www.unemi.edu.ec\/index.php\/wp-json\/wp\/v2\/types\/page"}],"author":[{"embeddable":true,"href":"https:\/\/www.unemi.edu.ec\/index.php\/wp-json\/wp\/v2\/users\/35"}],"replies":[{"embeddable":true,"href":"https:\/\/www.unemi.edu.ec\/index.php\/wp-json\/wp\/v2\/comments?post=50810"}],"version-history":[{"count":8,"href":"https:\/\/www.unemi.edu.ec\/index.php\/wp-json\/wp\/v2\/pages\/50810\/revisions"}],"predecessor-version":[{"id":51039,"href":"https:\/\/www.unemi.edu.ec\/index.php\/wp-json\/wp\/v2\/pages\/50810\/revisions\/51039"}],"up":[{"embeddable":true,"href":"https:\/\/www.unemi.edu.ec\/index.php\/wp-json\/wp\/v2\/pages\/50757"}],"wp:featuredmedia":[{"embeddable":true,"href":"https:\/\/www.unemi.edu.ec\/index.php\/wp-json\/wp\/v2\/media\/34282"}],"wp:attachment":[{"href":"https:\/\/www.unemi.edu.ec\/index.php\/wp-json\/wp\/v2\/media?parent=50810"}],"curies":[{"name":"wp","href":"https:\/\/api.w.org\/{rel}","templated":true}]}}