{"id":5061,"date":"2018-03-01T17:11:50","date_gmt":"2018-03-01T17:11:50","guid":{"rendered":"https:\/\/https:\/\/www.unemi.edu.ec\/\/wordpress\/?page_id=5061"},"modified":"2018-03-19T21:41:17","modified_gmt":"2018-03-19T21:41:17","slug":"deporte-y-cultura","status":"publish","type":"page","link":"https:\/\/www.unemi.edu.ec\/index.php\/deporte-y-cultura\/","title":{"rendered":"Deporte y Cultura"},"content":{"rendered":"[vc_row][vc_column offset=&#8221;vc_col-md-6&#8243;][gt3_image_box thumbnail=&#8221;5592&#8243; image_position=&#8221;left&#8221; add_divider=&#8221;true&#8221; divider_color=&#8221;#007c3e&#8221; title_tag=&#8221;h3&#8243; title_color=&#8221;#192041&#8243; text_color=&#8221;#3c434b&#8221; link_color=&#8221;#a22531&#8243; link_hover_color=&#8221;#192041&#8243; new_tab=&#8221;&#8221; heading=&#8221;Danzas Unemi&#8221; text=&#8221;Vive la danza junto a esta agrupaci\u00f3n que se ha consolidado como referente de este arte en la localidad y acoge a los estudiantes que desean desarrollar capacidades para complementar su formaci\u00f3n.&#8221; url_text=&#8221;M\u00e1s informaci\u00f3n&#8221; url=&#8221;\/index.php\/danzas-unemi\/&#8221;][gt3_spacing height=&#8221;30px&#8221;][\/vc_column][vc_column offset=&#8221;vc_col-md-6&#8243;][gt3_image_box thumbnail=&#8221;5590&#8243; image_position=&#8221;left&#8221; add_divider=&#8221;true&#8221; divider_color=&#8221;#f39a00&#8243; title_tag=&#8221;h3&#8243; title_color=&#8221;#192041&#8243; text_color=&#8221;#3c434b&#8221; link_color=&#8221;#a22531&#8243; link_hover_color=&#8221;#192041&#8243; new_tab=&#8221;&#8221; heading=&#8221;Grupo de Arte Teatral Universitario Stanislavsky (GATUS)&#8221; text=&#8221;Desde el 2002 contribuye a la formaci\u00f3n integral de los estudiantes, con el desarrollo de talleres de expresi\u00f3n corporal, t\u00e9cnicas y desenvolvimiento. Desarrolla tus habilidades art\u00edstica y participa de sus festivales internacionales.&#8221; url_text=&#8221;M\u00e1s informaci\u00f3n&#8221; url=&#8221;\/index.php\/grupo-de-arte-teatral-universitario-stanislavsky-gatus&#8221;][gt3_spacing height=&#8221;30px&#8221;][\/vc_column][\/vc_row][vc_row css=&#8221;.vc_custom_1487083422580{padding-bottom: 50px !important;}&#8221;][vc_column offset=&#8221;vc_col-md-6&#8243;][gt3_image_box thumbnail=&#8221;5594&#8243; image_position=&#8221;right&#8221; add_divider=&#8221;true&#8221; divider_color=&#8221;#f39a00&#8243; title_tag=&#8221;h3&#8243; title_color=&#8221;#192041&#8243; text_color=&#8221;#3c434b&#8221; link_color=&#8221;#a22531&#8243; link_hover_color=&#8221;#192041&#8243; new_tab=&#8221;&#8221; heading=&#8221;Coro Polif\u00f3nico &#8221; text=&#8221;Con la finalidad de promover e incentivar a la comunidad universitaria al desarrollo de actividades culturales, presentamos esta opci\u00f3n para que desarrolles tu potencial art\u00edstico .<br \/>\nSus participaciones dentro y fuera del cant\u00f3n son incentivo al desarrollo del canto coral en la localidad.&#8221; url=&#8221;\/index.php\/coro-polifonico&#8221; url_text=&#8221;M\u00e1s informaci\u00f3n&#8221;][gt3_spacing height=&#8221;30px&#8221;][\/vc_column][vc_column offset=&#8221;vc_col-md-6&#8243;][gt3_image_box thumbnail=&#8221;5596&#8243; image_position=&#8221;right&#8221; add_divider=&#8221;true&#8221; divider_color=&#8221;#f39a00&#8243; title_tag=&#8221;h3&#8243; title_color=&#8221;#192041&#8243; text_color=&#8221;#3c434b&#8221; link_color=&#8221;#a22531&#8243; link_hover_color=&#8221;#192041&#8243; new_tab=&#8221;&#8221; heading=&#8221;Taller de M\u00fasica Mi Pueblo&#8221; text=&#8221;Demuestra tus habilidades en la m\u00fasica y desarrolla tu talento por medio de esta Iniciativa materializada ante el deseo de fomentar nuestra cultura por medio de ritmos aut\u00f3ctonos e instrumentos caracter\u00edsticos de la regi\u00f3n andina. Hoy el Taller de M\u00fasica Mi Pueblo, es semillero de artistas de esta rama que mantiene viva nuestra identidad.&#8221; url=&#8221;\/index.php\/taller-de-musica-mi-pueblo&#8221; url_text=&#8221;M\u00e1s informaci\u00f3n&#8221;][gt3_spacing height=&#8221;30px&#8221;][\/vc_column][\/vc_row]\n","protected":false},"excerpt":{"rendered":"<p>[vc_row][vc_column offset=&#8221;vc_col-md-6&#8243;][gt3_image_box thumbnail=&#8221;5592&#8243; image_position=&#8221;left&#8221; add_divider=&#8221;true&#8221; divider_color=&#8221;#007c3e&#8221; title_tag=&#8221;h3&#8243; title_color=&#8221;#192041&#8243; text_color=&#8221;#3c434b&#8221; link_color=&#8221;#a22531&#8243; link_hover_color=&#8221;#192041&#8243; new_tab=&#8221;&#8221; heading=&#8221;Danzas Unemi&#8221; text=&#8221;Vive la danza junto a esta agrupaci\u00f3n que se ha consolidado como referente de este arte [&hellip;]<\/p>\n","protected":false},"author":23,"featured_media":0,"parent":0,"menu_order":0,"comment_status":"closed","ping_status":"closed","template":"","meta":{"_joinchat":[],"footnotes":""},"class_list":["post-5061","page","type-page","status-publish","hentry"],"_links":{"self":[{"href":"https:\/\/www.unemi.edu.ec\/index.php\/wp-json\/wp\/v2\/pages\/5061","targetHints":{"allow":["GET"]}}],"collection":[{"href":"https:\/\/www.unemi.edu.ec\/index.php\/wp-json\/wp\/v2\/pages"}],"about":[{"href":"https:\/\/www.unemi.edu.ec\/index.php\/wp-json\/wp\/v2\/types\/page"}],"author":[{"embeddable":true,"href":"https:\/\/www.unemi.edu.ec\/index.php\/wp-json\/wp\/v2\/users\/23"}],"replies":[{"embeddable":true,"href":"https:\/\/www.unemi.edu.ec\/index.php\/wp-json\/wp\/v2\/comments?post=5061"}],"version-history":[{"count":0,"href":"https:\/\/www.unemi.edu.ec\/index.php\/wp-json\/wp\/v2\/pages\/5061\/revisions"}],"wp:attachment":[{"href":"https:\/\/www.unemi.edu.ec\/index.php\/wp-json\/wp\/v2\/media?parent=5061"}],"curies":[{"name":"wp","href":"https:\/\/api.w.org\/{rel}","templated":true}]}}