{"id":45923,"date":"2025-01-15T12:04:40","date_gmt":"2025-01-15T17:04:40","guid":{"rendered":"https:\/\/www.unemi.edu.ec\/?page_id=45923"},"modified":"2026-01-06T09:33:19","modified_gmt":"2026-01-06T14:33:19","slug":"planificacion-institucional-2025","status":"publish","type":"page","link":"https:\/\/www.unemi.edu.ec\/index.php\/documentos-institucionales-2025\/planificacion-institucional-2025\/","title":{"rendered":"Planificaci\u00f3n Institucional 2025"},"content":{"rendered":"[vc_row css=&#8221;.vc_custom_1667854602688{padding-bottom: 50px !important;}&#8221;][vc_column][vc_column_text]\n<h2><strong>Planificaci\u00f3n Institucional 2025<\/strong><\/h2>\n<p style=\"padding-left: 40px;\"><span><a href=\"https:\/\/www.unemi.edu.ec\/wp-content\/uploads\/2022\/09\/PEDI-2022-2025-version-resumen.pdf\">Plan Estrat\u00e9gico de Desarrollo Institucional \u2013 PEDI 2022-2025 (Versi\u00f3n resumen)<\/a><br \/>\n<a href=\"https:\/\/www.unemi.edu.ec\/wp-content\/uploads\/2024\/05\/Articulacion-Instrumentos-Planificacion.pdf\">Articulaci\u00f3n de Instrumentos de Planificaci\u00f3n<\/a><br \/>\nPlan Operativo Anual 2025 (Inicial)<br \/>\n<\/span><span>Plan Operativo Anual 2025 (Actualizado)<br \/>\n<\/span><\/p>\n[\/vc_column_text][gt3_spacing height=&#8221;25&#8243;][vc_separator][gt3_spacing height=&#8221;25&#8243;][vc_column_text]\n<h2><strong>Plan Anual de Inversiones 2025<\/strong><\/h2>\n<p style=\"padding-left: 40px;\"><a href=\"https:\/\/www.unemi.edu.ec\/wp-content\/uploads\/2025\/11\/PAI-2025-OCTUBRE.pdf\">Plan Anual de Inversiones 2025<\/a><br \/>\n<a href=\"https:\/\/www.unemi.edu.ec\/wp-content\/uploads\/2025\/11\/PROYECTO-FORTALECIMIENTO-2025.pdf\">Proyecto: Fortalecimiento de Aulas y Laboratorios para Actividades de Docencia e Investigaci\u00f3n de la Universidad\u00a0Estatal de Milagro<\/a><\/p>\n[\/vc_column_text][gt3_spacing height=&#8221;25&#8243;][vc_separator][gt3_spacing height=&#8221;25&#8243;][vc_column_text]\n<h2><strong>Plan Anual de Compras (PAC 2025)<\/strong><\/h2>\n<p style=\"padding-left: 40px;\">PAC Inicial<br \/>\nRESOLUCI\u00d3N OCS-SO-xx-2025-Nox<\/p>\n<p style=\"padding-left: 40px;\"><a href=\"https:\/\/www.unemi.edu.ec\/wp-content\/uploads\/2025\/02\/Consulta-del-Plan-Anual-de-Contratacion-1.pdf\">PAC reformado a enero del 2025<\/a><br \/>\n<a href=\"https:\/\/www.unemi.edu.ec\/wp-content\/uploads\/2025\/02\/Consulta-del-Plan-Anual-de-Contratacion.pdf\">PAC reformado a febrero del 2025<\/a><br \/>\n<a href=\"https:\/\/www.unemi.edu.ec\/wp-content\/uploads\/2025\/04\/Detalle-del-Plan-Anual-de-Contratacion_.pdf\">PAC reformado a marzo del 2025<\/a><br \/>\n<a href=\"https:\/\/www.unemi.edu.ec\/wp-content\/uploads\/2025\/05\/PAC.pdf\">PAC reformado a abril del 2025<\/a><br \/>\n<a href=\"https:\/\/www.unemi.edu.ec\/wp-content\/uploads\/2025\/06\/pac-reformado-mayo2025.pdf\">PAC reformado a mayo del 2025<\/a><br \/>\n<a href=\"https:\/\/www.unemi.edu.ec\/wp-content\/uploads\/2025\/07\/pac-reformado-junio2025.pdf.pdf\">PAC reformado a junio del 2025<\/a><br \/>\n<a href=\"https:\/\/www.unemi.edu.ec\/wp-content\/uploads\/2025\/08\/Pac-reformado-julio2025.pdf\">PAC reformado a julio del 2025<\/a><br \/>\n<a href=\"https:\/\/www.unemi.edu.ec\/wp-content\/uploads\/2025\/10\/PAC-REFORMADO-AGOSTO2025.pdf\">PAC reformado a agosto del 2025<\/a><br \/>\n<a href=\"https:\/\/www.unemi.edu.ec\/wp-content\/uploads\/2025\/10\/PAC-REFORMADO-SEPTIEMBRE.pdf\">PAC reformado a septiembre del 2025<\/a><br \/>\nPAC reformado a octubre del 2025<br \/>\n<a href=\"https:\/\/www.unemi.edu.ec\/wp-content\/uploads\/2025\/12\/REPORTE-PAC.pdf\">PAC reformado a noviembre del 2025<\/a><br \/>\n<a href=\"https:\/\/www.unemi.edu.ec\/wp-content\/uploads\/2026\/01\/REPORTE-PAC-SOCE-2025.pdf\">PAC reformado a diciembre del 2025<\/a><\/p>\n<div style=\"padding-left: 40px;\">Reporte de procesos de compras 2025<\/div>\n[\/vc_column_text][gt3_spacing height=&#8221;25&#8243;][\/vc_column][\/vc_row]\n","protected":false},"excerpt":{"rendered":"<p>[vc_row css=&#8221;.vc_custom_1667854602688{padding-bottom: 50px !important;}&#8221;][vc_column][vc_column_text] Planificaci\u00f3n Institucional 2025 Plan Estrat\u00e9gico de Desarrollo Institucional \u2013 PEDI 2022-2025 (Versi\u00f3n resumen) Articulaci\u00f3n de Instrumentos de Planificaci\u00f3n Plan Operativo Anual 2025 (Inicial) Plan Operativo Anual [&hellip;]<\/p>\n","protected":false},"author":34,"featured_media":34282,"parent":45913,"menu_order":0,"comment_status":"closed","ping_status":"closed","template":"","meta":{"_joinchat":[],"footnotes":""},"class_list":["post-45923","page","type-page","status-publish","has-post-thumbnail","hentry"],"_links":{"self":[{"href":"https:\/\/www.unemi.edu.ec\/index.php\/wp-json\/wp\/v2\/pages\/45923","targetHints":{"allow":["GET"]}}],"collection":[{"href":"https:\/\/www.unemi.edu.ec\/index.php\/wp-json\/wp\/v2\/pages"}],"about":[{"href":"https:\/\/www.unemi.edu.ec\/index.php\/wp-json\/wp\/v2\/types\/page"}],"author":[{"embeddable":true,"href":"https:\/\/www.unemi.edu.ec\/index.php\/wp-json\/wp\/v2\/users\/34"}],"replies":[{"embeddable":true,"href":"https:\/\/www.unemi.edu.ec\/index.php\/wp-json\/wp\/v2\/comments?post=45923"}],"version-history":[{"count":18,"href":"https:\/\/www.unemi.edu.ec\/index.php\/wp-json\/wp\/v2\/pages\/45923\/revisions"}],"predecessor-version":[{"id":46417,"href":"https:\/\/www.unemi.edu.ec\/index.php\/wp-json\/wp\/v2\/pages\/45923\/revisions\/46417"}],"up":[{"embeddable":true,"href":"https:\/\/www.unemi.edu.ec\/index.php\/wp-json\/wp\/v2\/pages\/45913"}],"wp:featuredmedia":[{"embeddable":true,"href":"https:\/\/www.unemi.edu.ec\/index.php\/wp-json\/wp\/v2\/media\/34282"}],"wp:attachment":[{"href":"https:\/\/www.unemi.edu.ec\/index.php\/wp-json\/wp\/v2\/media?parent=45923"}],"curies":[{"name":"wp","href":"https:\/\/api.w.org\/{rel}","templated":true}]}}