{"id":35983,"date":"2023-07-25T12:17:42","date_gmt":"2023-07-25T17:17:42","guid":{"rendered":"https:\/\/www.unemi.edu.ec\/?page_id=35983"},"modified":"2023-09-08T23:37:27","modified_gmt":"2023-09-09T04:37:27","slug":"elecciones-ocs-cdf-ases-unemi2023","status":"publish","type":"page","link":"https:\/\/www.unemi.edu.ec\/index.php\/elecciones-ocs-cdf-ases-unemi2023\/","title":{"rendered":"Elecciones OCAS &#8211; CDF &#8211; ASES | UNEMI 2023"},"content":{"rendered":"[vc_row full_width=&#8221;stretch_row&#8221; css=&#8221;.vc_custom_1627682712344{margin-top: -40px !important;background-image: url(https:\/\/www.unemi.edu.ec\/wp-content\/uploads\/2021\/07\/5623406-scaled.jpg?id=26934) !important;background-position: center !important;background-repeat: no-repeat !important;background-size: cover !important;}&#8221;][vc_column][gt3_spacing height=&#8221;50&#8243;][vc_column_text]\n<p style=\"text-align: left;\"><span style=\"font-size: 24pt;\"><strong><span style=\"font-size: 36pt;\">CONVOCATORIA A ELECCIONES<\/span><\/strong><\/span><\/p>\n<p><strong>REPRESENTANTES PRINCIPALES Y SUPLENTES AL \u00d3RGANO COLEGIADO SUPERIOR<br \/>\n<\/strong><strong>REPRESENTANTES A LOS CONSEJOS DIRECTIVOS DE FACULTADES Y<br \/>\n<\/strong><strong>REPRESENTANTES A LA ASAMBLEA DEL SISTEMA DE EDUCACI\u00d3N SUPERIOR, CORRESPONDIENTE AL PERIODO 2023 \u2013 2025<\/strong>[\/vc_column_text][gt3_spacing height=&#8221;50&#8243;][\/vc_column][\/vc_row][vc_row][vc_column][gt3_spacing height=&#8221;32px&#8221;][vc_tta_tabs active_section=&#8221;1&#8243;][vc_tta_section i_icon_fontawesome=&#8221;fas fa-rss&#8221; add_icon=&#8221;true&#8221; title=&#8221;Convocatoria&#8221; tab_id=&#8221;1628627247796-fc0e2a72-2028&#8243;][gt3_spacing height=&#8221;10&#8243;][vc_row_inner gap=&#8221;30&#8243;][vc_column_inner width=&#8221;2\/3&#8243;][vc_custom_heading text=&#8221;CONVOCATORIA&#8221; google_fonts=&#8221;font_family:Montserrat%3Aregular%2C700|font_style:700%20bold%20regular%3A700%3Anormal&#8221; css_animation=&#8221;none&#8221;][vc_separator][gt3_spacing height=&#8221;20&#8243;][vc_column_text]En el marco de la Ley Org\u00e1nica de Educaci\u00f3n Superior, el Estatuto Org\u00e1nico de la Universidad Estatal de Milagro (UNEMI), del Reglamento General de Elecciones de la UNEMI y de acuerdo con la resoluci\u00f3n del \u00d3rgano Colegiado Superior OCS-SE-12-2023-No1 emitida el 24 de julio de 2023, que autoriz\u00f3 la convocatoria a elecciones de:<\/p>\n<ol>\n<li>Representantes principales y suplentes al \u00d3rgano Colegiado Superior.<\/li>\n<li>Representantes a los Consejos Directivos de Facultades.<\/li>\n<li>Representantes a la Asamblea del Sistema de Educaci\u00f3n Superior.<\/li>\n<\/ol>\n<p>Todas las dignidades citadas en los numerales previos, en concordancia con los art\u00edculos 22, 25 y 29 del Reglamento de Elecciones, durar\u00e1n en sus funciones dos a\u00f1os, pudiendo ser reelegidos consecutivamente o no, por una sola vez.<\/p>\n<p>El Tribunal Electoral Institucional (TEI) informa que las elecciones de representantes al OCS, Consejos Directivos de Facultades; y, Representantes de la Universidad Estatal de Milagro a Integrar La Asamblea del Sistema de Educaci\u00f3n Superior, se realizar\u00e1n el viernes 08 de septiembre de 2023 de 08:00 a 17:30 horas en el recinto electoral que se instale para el efecto, seg\u00fan el padr\u00f3n de elecciones que ser\u00e1 publicado en el sitio www.unemi.edu.ec de conformidad al calendario del proceso aprobado por el OCS.<\/p>\n<p>Los interesados en participar como candidatos deber\u00e1n descargar los formatos de recolecci\u00f3n de firmas requeridas para la inscripci\u00f3n de listas, desde el sitio web institucional. Cabe indicar que, desde el mi\u00e9rcoles 26 de julio hasta el martes 08 de agosto de 2023, los interesados deber\u00e1n presentar de forma presencial los requisitos establecidos seg\u00fan la normativa legal vigente para la calificaci\u00f3n de candidaturas en la oficina del TEI, ubicada en la planta alta del bloque M, en horario de 08:00 a 17:00.<\/p>\n<p>Por \u00faltimo, con el \u00e1nimo de que se conozcan los procesos que se llevar\u00e1n a cabo para el desarrollo de las elecciones, se pone a disposici\u00f3n de todos los miembros de la Comunidad Universitaria, la gu\u00eda para inscripci\u00f3n de candidaturas para las elecciones a representantes al OCS, Consejos Directivos de Facultades; y, representantes de la Universidad Estatal de Milagro a integrar la Asamblea del Sistema de Educaci\u00f3n Superior.<\/p>\n<p style=\"text-align: right;\"><strong>Milagro, 25 de julio de 2023<\/strong><\/p>\n<h3 style=\"text-align: center;\"><b>Tribunal Electoral Institucional<\/b><\/h3>\n[\/vc_column_text][\/vc_column_inner][vc_column_inner width=&#8221;1\/3&#8243; css=&#8221;.vc_custom_1627656357513{padding-right: 40px !important;padding-left: 40px !important;background-color: #f7f7f7 !important;}&#8221;][vc_custom_heading text=&#8221;DOCUMENTOS&#8221; font_container=&#8221;tag:h2|text_align:center&#8221; google_fonts=&#8221;font_family:Montserrat%3Aregular%2C700|font_style:700%20bold%20regular%3A700%3Anormal&#8221; css_animation=&#8221;none&#8221;][vc_separator][gt3_spacing height=&#8221;20&#8243;][vc_btn title=&#8221;Convocatoria a Elecciones&#8221; style=&#8221;flat&#8221; color=&#8221;green&#8221; size=&#8221;lg&#8221; align=&#8221;center&#8221; i_icon_fontawesome=&#8221;fas fa-file-pdf&#8221; button_block=&#8221;true&#8221; add_icon=&#8221;true&#8221; link=&#8221;url:https%3A%2F%2Fwww.unemi.edu.ec%2Fwp-content%2Fuploads%2F2023%2F07%2FConvocatoria-a-elecciones-2023-2025.pdf&#8221;][vc_btn title=&#8221;Calendario de elecciones&#8221; style=&#8221;flat&#8221; color=&#8221;green&#8221; size=&#8221;lg&#8221; align=&#8221;center&#8221; i_icon_fontawesome=&#8221;fas fa-file-pdf&#8221; button_block=&#8221;true&#8221; add_icon=&#8221;true&#8221; link=&#8221;url:https%3A%2F%2Fwww.unemi.edu.ec%2Fwp-content%2Fuploads%2F2023%2F07%2FCRONOGRAMA-ELECCIONES-2023-2025.pdf&#8221;][vc_btn title=&#8221;Gu\u00eda para la inscripci\u00f3n de candidaturas&#8221; style=&#8221;flat&#8221; color=&#8221;green&#8221; size=&#8221;lg&#8221; align=&#8221;center&#8221; i_icon_fontawesome=&#8221;fas fa-file-pdf&#8221; button_block=&#8221;true&#8221; add_icon=&#8221;true&#8221; link=&#8221;url:https%3A%2F%2Fwww.unemi.edu.ec%2Fwp-content%2Fuploads%2F2023%2F07%2FGUIA-PARA-LA-INSCRIPCION-DE-CANDIDATURAS-2023-2.pdf&#8221;][vc_btn title=&#8221;Reglamento de Elecciones de la UNEMI&#8221; style=&#8221;flat&#8221; color=&#8221;green&#8221; size=&#8221;lg&#8221; align=&#8221;center&#8221; i_icon_fontawesome=&#8221;fas fa-file-pdf&#8221; button_block=&#8221;true&#8221; add_icon=&#8221;true&#8221; link=&#8221;url:http%3A%2F%2Fwww.unemi.edu.ec%2Fwp-content%2Fuploads%2F2021%2F07%2F2.-Reglamento-de-Elecciones.pdf&#8221;][\/vc_column_inner][\/vc_row_inner][vc_row_inner disable_element=&#8221;yes&#8221;][vc_column_inner][gt3_spacing height=&#8221;40&#8243;][vc_separator color=&#8221;orange&#8221; style=&#8221;double&#8221; border_width=&#8221;2&#8243;][gt3_spacing height=&#8221;60&#8243;][vc_custom_heading text=&#8221;FORMULARIOS DE INSCRIPCI\u00d3N&#8221; google_fonts=&#8221;font_family:Montserrat%3Aregular%2C700|font_style:700%20bold%20regular%3A700%3Anormal&#8221; css_animation=&#8221;none&#8221;][vc_separator][gt3_spacing height=&#8221;30&#8243;][\/vc_column_inner][\/vc_row_inner][vc_row_inner equal_height=&#8221;yes&#8221; css=&#8221;.vc_custom_1690347089879{padding-right: 10px !important;}&#8221;][vc_column_inner width=&#8221;1\/3&#8243;][vc_column_text]\n<h3 style=\"text-align: center;\">OCS<\/h3>\n[\/vc_column_text][gt3_spacing height=&#8221;10&#8243;][vc_column_text]\n<p style=\"line-height: 120%; text-align: center;\">\u00d3rgano Colegiado<br \/>\nSuperior<\/p>\n[\/vc_column_text][gt3_spacing height=&#8221;20&#8243;][vc_separator][gt3_spacing height=&#8221;10&#8243;][vc_btn title=&#8221;Solicitud de candidaturas &#8211; Docentes OCS&#8221; style=&#8221;flat&#8221; color=&#8221;green&#8221; size=&#8221;lg&#8221; align=&#8221;center&#8221; i_icon_fontawesome=&#8221;fas fa-file-pdf&#8221; button_block=&#8221;true&#8221; add_icon=&#8221;true&#8221; link=&#8221;url:https%3A%2F%2Fwww.unemi.edu.ec%2Fwp-content%2Fuploads%2F2023%2F07%2F3.-Solicitud-de-candidaturas-docentes-OCS.pdf&#8221;][vc_btn title=&#8221;Solicitud de candidaturas &#8211; Estudiantes OCS&#8221; style=&#8221;flat&#8221; color=&#8221;green&#8221; size=&#8221;lg&#8221; align=&#8221;center&#8221; i_icon_fontawesome=&#8221;fas fa-file-pdf&#8221; button_block=&#8221;true&#8221; add_icon=&#8221;true&#8221; link=&#8221;url:https%3A%2F%2Fwww.unemi.edu.ec%2Fwp-content%2Fuploads%2F2023%2F07%2F4.-Solicitud-de-candidaturas-estudiantes-OCS.pdf&#8221;][vc_btn title=&#8221;Solicitud de candidaturas &#8211; Trabajadores y Administrativos OCS&#8221; style=&#8221;flat&#8221; color=&#8221;green&#8221; size=&#8221;lg&#8221; align=&#8221;center&#8221; i_icon_fontawesome=&#8221;fas fa-file-pdf&#8221; button_block=&#8221;true&#8221; add_icon=&#8221;true&#8221; link=&#8221;url:https%3A%2F%2Fwww.unemi.edu.ec%2Fwp-content%2Fuploads%2F2023%2F07%2F5.-Solicitud-de-candidaturas-trabajadores-y-administrativos-OCS.pdf&#8221;][\/vc_column_inner][vc_column_inner width=&#8221;1\/3&#8243;][vc_column_text]\n<h3 style=\"text-align: center;\">CDF<\/h3>\n[\/vc_column_text][gt3_spacing height=&#8221;10&#8243;][vc_column_text]\n<p style=\"line-height: 120%; text-align: center;\">Consejo Directivo<br \/>\nde Facultad<\/p>\n[\/vc_column_text][gt3_spacing height=&#8221;20&#8243;][vc_separator][gt3_spacing height=&#8221;10&#8243;][vc_btn title=&#8221;Solicitud de candidaturas &#8211; Docentes CDF&#8221; style=&#8221;flat&#8221; color=&#8221;green&#8221; size=&#8221;lg&#8221; align=&#8221;center&#8221; i_icon_fontawesome=&#8221;fas fa-file-pdf&#8221; button_block=&#8221;true&#8221; add_icon=&#8221;true&#8221; link=&#8221;url:https%3A%2F%2Fwww.unemi.edu.ec%2Fwp-content%2Fuploads%2F2023%2F07%2F3.1-Solicitud-de-candidaturas-docentes-CDF.pdf&#8221;][vc_btn title=&#8221;Solicitud de candidaturas &#8211; Estudiantes CDF&#8221; style=&#8221;flat&#8221; color=&#8221;green&#8221; size=&#8221;lg&#8221; align=&#8221;center&#8221; i_icon_fontawesome=&#8221;fas fa-file-pdf&#8221; button_block=&#8221;true&#8221; add_icon=&#8221;true&#8221; link=&#8221;url:https%3A%2F%2Fwww.unemi.edu.ec%2Fwp-content%2Fuploads%2F2023%2F07%2F4.1-Solicitud-de-candidaturas-estudiantes-CDF-1.pdf&#8221;][\/vc_column_inner][vc_column_inner width=&#8221;1\/3&#8243;][vc_column_text]\n<h3 style=\"text-align: center;\">ASES<\/h3>\n[\/vc_column_text][gt3_spacing height=&#8221;10&#8243;][vc_column_text]\n<p style=\"line-height: 120%; text-align: center;\">Asamblea del<br \/>\nSistema de Educaci\u00f3n Superior<\/p>\n[\/vc_column_text][gt3_spacing height=&#8221;20&#8243;][vc_separator][gt3_spacing height=&#8221;10&#8243;][vc_btn title=&#8221;Solicitud de candidaturas &#8211; Docentes ASES&#8221; style=&#8221;flat&#8221; color=&#8221;green&#8221; size=&#8221;lg&#8221; align=&#8221;center&#8221; i_icon_fontawesome=&#8221;fas fa-file-pdf&#8221; button_block=&#8221;true&#8221; add_icon=&#8221;true&#8221; link=&#8221;url:https%3A%2F%2Fwww.unemi.edu.ec%2Fwp-content%2Fuploads%2F2023%2F07%2F3.2-Solicitud-de-candidaturas-docentes-ASES.pdf&#8221;][vc_btn title=&#8221;Solicitud de candidaturas &#8211; Estudiantes ASES&#8221; style=&#8221;flat&#8221; color=&#8221;green&#8221; size=&#8221;lg&#8221; align=&#8221;center&#8221; i_icon_fontawesome=&#8221;fas fa-file-pdf&#8221; button_block=&#8221;true&#8221; add_icon=&#8221;true&#8221; link=&#8221;url:https%3A%2F%2Fwww.unemi.edu.ec%2Fwp-content%2Fuploads%2F2023%2F07%2F4.2-Solicitud-de-candidaturas-estudiantes-ASES.pdf&#8221;][vc_btn title=&#8221;Solicitud de candidaturas &#8211; Trabajadores y Administrativos ASES&#8221; style=&#8221;flat&#8221; color=&#8221;green&#8221; size=&#8221;lg&#8221; align=&#8221;center&#8221; i_icon_fontawesome=&#8221;fas fa-file-pdf&#8221; button_block=&#8221;true&#8221; add_icon=&#8221;true&#8221; link=&#8221;url:https%3A%2F%2Fwww.unemi.edu.ec%2Fwp-content%2Fuploads%2F2023%2F07%2F5.1-Solicitud-de-candidaturas-trabajadores-y-administrativos-ASES.pdf&#8221;][\/vc_column_inner][\/vc_row_inner][vc_row_inner][vc_column_inner][gt3_spacing height=&#8221;60&#8243;][vc_custom_heading text=&#8221;FORMATO PARA FIRMAS DE RESPALDO&#8221; google_fonts=&#8221;font_family:Montserrat%3Aregular%2C700|font_style:700%20bold%20regular%3A700%3Anormal&#8221; css_animation=&#8221;none&#8221;][vc_separator][gt3_spacing height=&#8221;30&#8243;][vc_btn title=&#8221;Descargar &#8211; Formato de Firmas de Respaldo&#8221; style=&#8221;flat&#8221; color=&#8221;green&#8221; size=&#8221;lg&#8221; align=&#8221;center&#8221; i_icon_fontawesome=&#8221;fas fa-file-pdf&#8221; button_block=&#8221;true&#8221; add_icon=&#8221;true&#8221; link=&#8221;url:https%3A%2F%2Fwww.unemi.edu.ec%2Fwp-content%2Fuploads%2F2023%2F07%2FFormato-de-Firmas-de-respaldo.pdf&#8221;][vc_btn title=&#8221;Listado de Firmas de Respaldo (digital formato Excel)&#8221; style=&#8221;flat&#8221; color=&#8221;green&#8221; size=&#8221;lg&#8221; align=&#8221;center&#8221; i_icon_fontawesome=&#8221;fas fa-file-pdf&#8221; button_block=&#8221;true&#8221; add_icon=&#8221;true&#8221; link=&#8221;url:https%3A%2F%2Fwww.unemi.edu.ec%2Fwp-content%2Fuploads%2F2023%2F07%2FListado-de-personas-que-respaldan-la-candidatura.xlsx&#8221;][\/vc_column_inner][\/vc_row_inner][vc_row_inner disable_element=&#8221;yes&#8221;][vc_column_inner][gt3_spacing height=&#8221;40&#8243;][vc_separator color=&#8221;orange&#8221; style=&#8221;double&#8221; border_width=&#8221;2&#8243;][gt3_spacing height=&#8221;60&#8243;][vc_custom_heading text=&#8221;PADRONES ELECTORALES INICIALES&#8221; google_fonts=&#8221;font_family:Montserrat%3Aregular%2C700|font_style:700%20bold%20regular%3A700%3Anormal&#8221; css_animation=&#8221;none&#8221;][vc_separator][gt3_spacing height=&#8221;20&#8243;][\/vc_column_inner][\/vc_row_inner][\/vc_tta_section][vc_tta_section i_icon_fontawesome=&#8221;fas fa-file-pdf&#8221; add_icon=&#8221;true&#8221; title=&#8221;Resoluciones&#8221; tab_id=&#8221;1628800364516-60cf1dba-83eb&#8221;][gt3_spacing height=&#8221;10&#8243;][vc_row_inner][vc_column_inner][vc_custom_heading text=&#8221;RESOLUCIONES&#8221; google_fonts=&#8221;font_family:Montserrat%3Aregular%2C700|font_style:700%20bold%20regular%3A700%3Anormal&#8221; css_animation=&#8221;none&#8221;][vc_separator][gt3_spacing height=&#8221;30&#8243;][\/vc_column_inner][\/vc_row_inner][vc_row_inner equal_height=&#8221;yes&#8221; css=&#8221;.vc_custom_1627654034497{padding-right: 10px !important;}&#8221;][vc_column_inner][vc_separator][gt3_spacing height=&#8221;30&#8243;][vc_btn title=&#8221;Aprobaci\u00f3n del cronograma de Elecciones OCS &#8211; CDF &#8211; ASES y Convocatoria | RESOLUCI\u00d3N OCS-SE-12-2023-No1&#8243; style=&#8221;flat&#8221; color=&#8221;green&#8221; size=&#8221;lg&#8221; align=&#8221;left&#8221; i_icon_fontawesome=&#8221;fas fa-file-pdf&#8221; button_block=&#8221;true&#8221; add_icon=&#8221;true&#8221; link=&#8221;url:https%3A%2F%2Fwww.unemi.edu.ec%2Fwp-content%2Fuploads%2F2023%2F07%2FRESOLUCION-OCS-SE-12-2023-No1.pdf&#8221;][vc_btn title=&#8221;Validaci\u00f3n de las Listas&#8221; style=&#8221;flat&#8221; color=&#8221;green&#8221; size=&#8221;lg&#8221; align=&#8221;left&#8221; i_icon_fontawesome=&#8221;fas fa-file-pdf&#8221; add_icon=&#8221;true&#8221; link=&#8221;url:https%3A%2F%2Fwww.unemi.edu.ec%2Fwp-content%2Fuploads%2F2023%2F08%2FLegalidad-de-candidaturas.pdf|target:_blank&#8221;][vc_btn title=&#8221;Resoluci\u00f3n de impugnaciones&#8221; style=&#8221;flat&#8221; color=&#8221;green&#8221; size=&#8221;lg&#8221; align=&#8221;left&#8221; i_icon_fontawesome=&#8221;fas fa-file-pdf&#8221; add_icon=&#8221;true&#8221; link=&#8221;url:https%3A%2F%2Fwww.unemi.edu.ec%2Fwp-content%2Fuploads%2F2023%2F08%2FRESOLUCION-TEI-3-IMPUGNACIONES-ACTUAL-1-1.pdf|target:_blank&#8221;][\/vc_column_inner][\/vc_row_inner][\/vc_tta_section][vc_tta_section i_icon_fontawesome=&#8221;fas fa-vote-yea&#8221; add_icon=&#8221;true&#8221; title=&#8221;Padrones Electorales&#8221; tab_id=&#8221;1626470992425-2f7e9157-e778&#8243;][vc_row_inner equal_height=&#8221;yes&#8221; disable_element=&#8221;yes&#8221; css=&#8221;.vc_custom_1690308667035{padding-right: 10px !important;}&#8221;][vc_column_inner width=&#8221;2\/3&#8243;][vc_single_image image=&#8221;27144&#8243; img_size=&#8221;full&#8221; alignment=&#8221;center&#8221; style=&#8221;vc_box_outline&#8221; onclick=&#8221;custom_link&#8221; link=&#8221;https:\/\/sga.unemi.edu.ec\/milugarvotacion&#8221;][\/vc_column_inner][vc_column_inner width=&#8221;1\/3&#8243;][gt3_spacing height=&#8221;30&#8243;][vc_custom_heading text=&#8221;DISTRIBUCI\u00d3N DE PADR\u00d3N ELECTORAL ESTUDIANTES &#8211; RESUMIDO&#8221; font_container=&#8221;tag:h3|text_align:left&#8221; google_fonts=&#8221;font_family:Montserrat%3Aregular%2C700|font_style:700%20bold%20regular%3A700%3Anormal&#8221; css_animation=&#8221;none&#8221;][vc_separator][gt3_spacing height=&#8221;30&#8243;][vc_btn title=&#8221;Padron Electoral Estudiantes &#8211; Resumen&#8221; style=&#8221;flat&#8221; color=&#8221;green&#8221; size=&#8221;lg&#8221; align=&#8221;center&#8221; i_icon_fontawesome=&#8221;fas fa-file-pdf&#8221; button_block=&#8221;true&#8221; add_icon=&#8221;true&#8221; link=&#8221;url:http%3A%2F%2Fwww.unemi.edu.ec%2Fwp-content%2Fuploads%2F2021%2F08%2FDistribucion-de-Padron-Estudiantes.pdf&#8221;][gt3_spacing height=&#8221;30&#8243;][vc_custom_heading text=&#8221;PADRONES ELECTORALES ACTUALIZADOS&#8221; font_container=&#8221;tag:h3|text_align:left&#8221; google_fonts=&#8221;font_family:Montserrat%3Aregular%2C700|font_style:700%20bold%20regular%3A700%3Anormal&#8221; css_animation=&#8221;none&#8221;][vc_separator][gt3_spacing height=&#8221;30&#8243;][vc_btn title=&#8221;Padr\u00f3n Actualizado &#8211; Estudiantes FACSECYD&#8221; style=&#8221;flat&#8221; color=&#8221;green&#8221; size=&#8221;lg&#8221; align=&#8221;center&#8221; i_icon_fontawesome=&#8221;fas fa-file-pdf&#8221; button_block=&#8221;true&#8221; add_icon=&#8221;true&#8221; link=&#8221;url:http%3A%2F%2Fwww.unemi.edu.ec%2Fwp-content%2Fuploads%2F2021%2F08%2FFACSECYD.pdf&#8221;][vc_btn title=&#8221;Padr\u00f3n Actualizado &#8211; Estudiantes FACI&#8221; style=&#8221;flat&#8221; color=&#8221;green&#8221; size=&#8221;lg&#8221; align=&#8221;center&#8221; i_icon_fontawesome=&#8221;fas fa-file-pdf&#8221; button_block=&#8221;true&#8221; add_icon=&#8221;true&#8221; link=&#8221;url:http%3A%2F%2Fwww.unemi.edu.ec%2Fwp-content%2Fuploads%2F2021%2F08%2FFACI.pdf&#8221;][vc_btn title=&#8221;Padr\u00f3n Actualizado &#8211; Estudiantes FACS&#8221; style=&#8221;flat&#8221; color=&#8221;green&#8221; size=&#8221;lg&#8221; align=&#8221;center&#8221; i_icon_fontawesome=&#8221;fas fa-file-pdf&#8221; button_block=&#8221;true&#8221; add_icon=&#8221;true&#8221; link=&#8221;url:http%3A%2F%2Fwww.unemi.edu.ec%2Fwp-content%2Fuploads%2F2021%2F08%2FFACS.pdf&#8221;][vc_btn title=&#8221;Padr\u00f3n Actualizado &#8211; Estudiantes FACE&#8221; style=&#8221;flat&#8221; color=&#8221;green&#8221; size=&#8221;lg&#8221; align=&#8221;center&#8221; i_icon_fontawesome=&#8221;fas fa-file-pdf&#8221; button_block=&#8221;true&#8221; add_icon=&#8221;true&#8221; link=&#8221;url:http%3A%2F%2Fwww.unemi.edu.ec%2Fwp-content%2Fuploads%2F2021%2F08%2FFACE.pdf&#8221;][vc_btn title=&#8221;Padr\u00f3n Actualizado &#8211; Docentes Titulares&#8221; style=&#8221;flat&#8221; color=&#8221;green&#8221; size=&#8221;lg&#8221; align=&#8221;center&#8221; i_icon_fontawesome=&#8221;fas fa-file-pdf&#8221; button_block=&#8221;true&#8221; add_icon=&#8221;true&#8221; link=&#8221;url:http%3A%2F%2Fwww.unemi.edu.ec%2Fwp-content%2Fuploads%2F2021%2F08%2FDocentes-titulares.pdf&#8221;][vc_btn title=&#8221;Padr\u00f3n Actualizado &#8211; Administrativos y Trabajadores&#8221; style=&#8221;flat&#8221; color=&#8221;green&#8221; size=&#8221;lg&#8221; align=&#8221;center&#8221; i_icon_fontawesome=&#8221;fas fa-file-pdf&#8221; button_block=&#8221;true&#8221; add_icon=&#8221;true&#8221; link=&#8221;url:http%3A%2F%2Fwww.unemi.edu.ec%2Fwp-content%2Fuploads%2F2021%2F08%2FTrabajadores-y-administrativos.pdf&#8221;][\/vc_column_inner][\/vc_row_inner][vc_row_inner equal_height=&#8221;yes&#8221; gap=&#8221;30&#8243; css=&#8221;.vc_custom_1690553284168{padding-right: 10px !important;}&#8221;][vc_column_inner width=&#8221;1\/2&#8243;][vc_btn title=&#8221;Padr\u00f3n &#8211; Estudiantes FACSECYD&#8221; style=&#8221;flat&#8221; color=&#8221;green&#8221; size=&#8221;lg&#8221; align=&#8221;center&#8221; i_icon_fontawesome=&#8221;fas fa-file-pdf&#8221; button_block=&#8221;true&#8221; add_icon=&#8221;true&#8221; link=&#8221;url:https%3A%2F%2Fwww.unemi.edu.ec%2Fwp-content%2Fuploads%2F2023%2F07%2Fpadron_electoral_facultad_empadronados_FASCECYD.pdf&#8221;][vc_btn title=&#8221;Padr\u00f3n &#8211; Estudiantes FACI&#8221; style=&#8221;flat&#8221; color=&#8221;green&#8221; size=&#8221;lg&#8221; align=&#8221;center&#8221; i_icon_fontawesome=&#8221;fas fa-file-pdf&#8221; button_block=&#8221;true&#8221; add_icon=&#8221;true&#8221; link=&#8221;url:https%3A%2F%2Fwww.unemi.edu.ec%2Fwp-content%2Fuploads%2F2023%2F07%2Fpadron_electoral_facultad_empadronados_FACI.pdf&#8221;][vc_btn title=&#8221;Padr\u00f3n &#8211; Estudiantes FACS&#8221; style=&#8221;flat&#8221; color=&#8221;green&#8221; size=&#8221;lg&#8221; align=&#8221;center&#8221; i_icon_fontawesome=&#8221;fas fa-file-pdf&#8221; button_block=&#8221;true&#8221; add_icon=&#8221;true&#8221; link=&#8221;url:https%3A%2F%2Fwww.unemi.edu.ec%2Fwp-content%2Fuploads%2F2023%2F07%2Fpadron_electoral_facultad_empadronados_FASO.pdf&#8221;][vc_btn title=&#8221;Padr\u00f3n &#8211; Estudiantes FACE&#8221; style=&#8221;flat&#8221; color=&#8221;green&#8221; size=&#8221;lg&#8221; align=&#8221;center&#8221; i_icon_fontawesome=&#8221;fas fa-file-pdf&#8221; button_block=&#8221;true&#8221; add_icon=&#8221;true&#8221; link=&#8221;url:https%3A%2F%2Fwww.unemi.edu.ec%2Fwp-content%2Fuploads%2F2023%2F07%2Fpadron_electoral_facultad_empadronados_FACE.pdf&#8221;][\/vc_column_inner][vc_column_inner width=&#8221;1\/2&#8243;][vc_btn title=&#8221;Padr\u00f3n &#8211; Docentes Titulares&#8221; style=&#8221;flat&#8221; color=&#8221;green&#8221; size=&#8221;lg&#8221; align=&#8221;center&#8221; i_icon_fontawesome=&#8221;fas fa-file-pdf&#8221; button_block=&#8221;true&#8221; add_icon=&#8221;true&#8221; link=&#8221;url:https%3A%2F%2Fwww.unemi.edu.ec%2Fwp-content%2Fuploads%2F2023%2F07%2Fpadron_profesores.pdf&#8221;][vc_btn title=&#8221;Padr\u00f3n &#8211; Administrativos&#8221; style=&#8221;flat&#8221; color=&#8221;green&#8221; size=&#8221;lg&#8221; align=&#8221;center&#8221; i_icon_fontawesome=&#8221;fas fa-file-pdf&#8221; button_block=&#8221;true&#8221; add_icon=&#8221;true&#8221; link=&#8221;url:https%3A%2F%2Fwww.unemi.edu.ec%2Fwp-content%2Fuploads%2F2023%2F07%2Fpadron_administrativos.pdf&#8221;][vc_btn title=&#8221;Padr\u00f3n &#8211; Trabajadores&#8221; style=&#8221;flat&#8221; color=&#8221;green&#8221; size=&#8221;lg&#8221; align=&#8221;center&#8221; i_icon_fontawesome=&#8221;fas fa-file-pdf&#8221; button_block=&#8221;true&#8221; add_icon=&#8221;true&#8221; link=&#8221;url:https%3A%2F%2Fwww.unemi.edu.ec%2Fwp-content%2Fuploads%2F2023%2F07%2Fpadron_trabajadores.pdf&#8221;][\/vc_column_inner][\/vc_row_inner][\/vc_tta_section][vc_tta_section i_icon_fontawesome=&#8221;fas fa-file-alt&#8221; add_icon=&#8221;true&#8221; title=&#8221;Procedimiento para reclamos&#8221; tab_id=&#8221;1690837318642-d597e1b4-455e&#8221;][vc_row_inner][vc_column_inner][vc_single_image image=&#8221;36064&#8243; img_size=&#8221;full&#8221; alignment=&#8221;center&#8221; css=&#8221;.vc_custom_1690841595937{background-position: center !important;background-repeat: no-repeat !important;background-size: cover !important;}&#8221;][\/vc_column_inner][\/vc_row_inner][\/vc_tta_section][vc_tta_section i_icon_fontawesome=&#8221;fas fa-poll&#8221; add_icon=&#8221;true&#8221; title=&#8221;Resultados&#8221; tab_id=&#8221;1627661603807-e0a2ec12-644e&#8221;][gt3_spacing height=&#8221;10&#8243;][vc_row_inner][vc_column_inner][vc_custom_heading text=&#8221;LISTADO DE GANADORES&#8221; google_fonts=&#8221;font_family:Montserrat%3Aregular%2C700|font_style:700%20bold%20regular%3A700%3Anormal&#8221; css_animation=&#8221;none&#8221;][vc_separator][gt3_spacing height=&#8221;30&#8243;][gt3_button button_title=&#8221;Descargar resultados&#8221; use_theme_button=&#8221;&#8221; btn_bg_color=&#8221;#f78023&#8243; btn_text_color=&#8221;#ffffff&#8221; btn_bg_color_hover=&#8221;#ffffff&#8221; btn_text_color_hover=&#8221;#f78023&#8243; btn_icon_color=&#8221;#ffffff&#8221; btn_icon_color_hover=&#8221;#ffffff&#8221; btn_border_color=&#8221;#f78023&#8243; btn_border_color_hover=&#8221;#f9b000&#8243; link=&#8221;url:https%3A%2F%2Fwww.unemi.edu.ec%2Fwp-content%2Fuploads%2F2023%2F09%2FResultados-oficiales.pdf&#8221;][\/vc_column_inner][\/vc_row_inner][\/vc_tta_section][\/vc_tta_tabs][\/vc_column][\/vc_row]\n","protected":false},"excerpt":{"rendered":"<p>[vc_row full_width=&#8221;stretch_row&#8221; css=&#8221;.vc_custom_1627682712344{margin-top: -40px !important;background-image: url(https:\/\/www.unemi.edu.ec\/wp-content\/uploads\/2021\/07\/5623406-scaled.jpg?id=26934) !important;background-position: center !important;background-repeat: no-repeat !important;background-size: cover !important;}&#8221;][vc_column][gt3_spacing height=&#8221;50&#8243;][vc_column_text] CONVOCATORIA A ELECCIONES REPRESENTANTES PRINCIPALES Y SUPLENTES AL \u00d3RGANO COLEGIADO SUPERIOR REPRESENTANTES A LOS CONSEJOS DIRECTIVOS [&hellip;]<\/p>\n","protected":false},"author":35,"featured_media":0,"parent":0,"menu_order":0,"comment_status":"closed","ping_status":"closed","template":"full-width.php","meta":{"_joinchat":[],"footnotes":""},"class_list":["post-35983","page","type-page","status-publish","hentry"],"_links":{"self":[{"href":"https:\/\/www.unemi.edu.ec\/index.php\/wp-json\/wp\/v2\/pages\/35983","targetHints":{"allow":["GET"]}}],"collection":[{"href":"https:\/\/www.unemi.edu.ec\/index.php\/wp-json\/wp\/v2\/pages"}],"about":[{"href":"https:\/\/www.unemi.edu.ec\/index.php\/wp-json\/wp\/v2\/types\/page"}],"author":[{"embeddable":true,"href":"https:\/\/www.unemi.edu.ec\/index.php\/wp-json\/wp\/v2\/users\/35"}],"replies":[{"embeddable":true,"href":"https:\/\/www.unemi.edu.ec\/index.php\/wp-json\/wp\/v2\/comments?post=35983"}],"version-history":[{"count":29,"href":"https:\/\/www.unemi.edu.ec\/index.php\/wp-json\/wp\/v2\/pages\/35983\/revisions"}],"predecessor-version":[{"id":37003,"href":"https:\/\/www.unemi.edu.ec\/index.php\/wp-json\/wp\/v2\/pages\/35983\/revisions\/37003"}],"wp:attachment":[{"href":"https:\/\/www.unemi.edu.ec\/index.php\/wp-json\/wp\/v2\/media?parent=35983"}],"curies":[{"name":"wp","href":"https:\/\/api.w.org\/{rel}","templated":true}]}}