{"id":34619,"date":"2023-03-09T15:33:01","date_gmt":"2023-03-09T20:33:01","guid":{"rendered":"https:\/\/www.unemi.edu.ec\/?page_id=34619"},"modified":"2023-03-09T15:46:26","modified_gmt":"2023-03-09T20:46:26","slug":"grupo-de-investigacion-de-la-responsabilidad-social-de-las-empresas-girse","status":"publish","type":"page","link":"https:\/\/www.unemi.edu.ec\/index.php\/grupos-de-investigacion\/grupo-de-investigacion-de-la-responsabilidad-social-de-las-empresas-girse\/","title":{"rendered":"Grupo de Investigaci\u00f3n de la Responsabilidad Social de las Empresas (GIRSE)"},"content":{"rendered":"[vc_row][vc_column][vc_column_text]\n<p style=\"text-align: justify;\">El grupo de investigaci\u00f3n GIRSE est\u00e1 formado por un equipo interdisciplinario de expertos que aborda las problem\u00e1ticas existentes en la aplicaci\u00f3n de las teor\u00edas, principios y conceptos de la Responsabilidad Social de las Empresas en las tres dimensiones del desarrollo, el econ\u00f3mico, social y ambiental.<\/p>\n<p style=\"text-align: justify;\">La investigaci\u00f3n de la Responsabilidad Social tiene por objetivo brindar al sector empresarial an\u00e1lisis y herramientas que permitan evidenciar que la RSE, a m\u00e1s satisfacer las preocupaciones sociales y medioambientales, contribuyen a generar mayores niveles de rentabilidad en las operaciones comerciales, a trav\u00e9s del mejoramiento de las relaciones con sus interlocutores.<\/p>\n<h3>L\u00ednea de Investigaci\u00f3n<\/h3>\n<ul>\n<li>Desarrollo local y empresarial<\/li>\n<\/ul>\n<h3>Director\/a<\/h3>\n<ul>\n<li>Xavier Ortega Haro<\/li>\n<\/ul>\n<h3>Integrantes<\/h3>\n<ul>\n<li>Mayra D&#8217;Armas Regnault<\/li>\n<li>Ligia Fajardo Vaca<\/li>\n<li>Richard Ram\u00edrez Anormaliza<\/li>\n<li>V\u00edctor Viteri Miranda<\/li>\n<li>Lenin V\u00e9lez D\u00edaz<\/li>\n<li>Nancy Quinaluisa Mor\u00e1n<\/li>\n<\/ul>\n[\/vc_column_text][gt3_spacing height=&#8221;60px&#8221;][\/vc_column][\/vc_row]\n","protected":false},"excerpt":{"rendered":"<p>[vc_row][vc_column][vc_column_text] El grupo de investigaci\u00f3n GIRSE est\u00e1 formado por un equipo interdisciplinario de expertos que aborda las problem\u00e1ticas existentes en la aplicaci\u00f3n de las teor\u00edas, principios y conceptos de la [&hellip;]<\/p>\n","protected":false},"author":35,"featured_media":0,"parent":6584,"menu_order":0,"comment_status":"closed","ping_status":"closed","template":"","meta":{"_joinchat":[],"footnotes":""},"class_list":["post-34619","page","type-page","status-publish","hentry"],"_links":{"self":[{"href":"https:\/\/www.unemi.edu.ec\/index.php\/wp-json\/wp\/v2\/pages\/34619","targetHints":{"allow":["GET"]}}],"collection":[{"href":"https:\/\/www.unemi.edu.ec\/index.php\/wp-json\/wp\/v2\/pages"}],"about":[{"href":"https:\/\/www.unemi.edu.ec\/index.php\/wp-json\/wp\/v2\/types\/page"}],"author":[{"embeddable":true,"href":"https:\/\/www.unemi.edu.ec\/index.php\/wp-json\/wp\/v2\/users\/35"}],"replies":[{"embeddable":true,"href":"https:\/\/www.unemi.edu.ec\/index.php\/wp-json\/wp\/v2\/comments?post=34619"}],"version-history":[{"count":3,"href":"https:\/\/www.unemi.edu.ec\/index.php\/wp-json\/wp\/v2\/pages\/34619\/revisions"}],"predecessor-version":[{"id":34626,"href":"https:\/\/www.unemi.edu.ec\/index.php\/wp-json\/wp\/v2\/pages\/34619\/revisions\/34626"}],"up":[{"embeddable":true,"href":"https:\/\/www.unemi.edu.ec\/index.php\/wp-json\/wp\/v2\/pages\/6584"}],"wp:attachment":[{"href":"https:\/\/www.unemi.edu.ec\/index.php\/wp-json\/wp\/v2\/media?parent=34619"}],"curies":[{"name":"wp","href":"https:\/\/api.w.org\/{rel}","templated":true}]}}