{"id":29229,"date":"2022-02-14T09:26:18","date_gmt":"2022-02-14T14:26:18","guid":{"rendered":"https:\/\/https:\/\/www.unemi.edu.ec\/\/wordpress\/?page_id=29229"},"modified":"2022-02-15T11:00:38","modified_gmt":"2022-02-15T16:00:38","slug":"contratos-comunicacion-2021","status":"publish","type":"page","link":"https:\/\/www.unemi.edu.ec\/index.php\/difusion-y-comunicacion-de-la-gestion-institucional\/contratos-comunicacion-2021\/","title":{"rendered":"Contratos de medios de comunicaci\u00f3n 2021"},"content":{"rendered":"<ul>\n<li><a href=\"https:\/\/www.unemi.edu.ec\/wp-content\/uploads\/2022\/02\/Contratos-Radio.pdf\">Medio de comunicaci\u00f3n &#8211; Radio<\/a><\/li>\n<li><a href=\"https:\/\/www.unemi.edu.ec\/wp-content\/uploads\/2022\/02\/Contratos-Prensa.pdf\">Medio de comunicaci\u00f3n &#8211; Prensa<\/a><\/li>\n<li>Medio de comunicaci\u00f3n &#8211; Televisi\u00f3n<\/li>\n<li>Medios digitales<\/li>\n<li><a href=\"https:\/\/www.unemi.edu.ec\/wp-content\/uploads\/2022\/02\/Contratos-otros.pdf\">Otros<\/a><\/li>\n<\/ul>\n","protected":false},"excerpt":{"rendered":"<p>Medio de comunicaci\u00f3n &#8211; Radio Medio de comunicaci\u00f3n &#8211; Prensa Medio de comunicaci\u00f3n &#8211; Televisi\u00f3n Medios digitales Otros<\/p>\n","protected":false},"author":35,"featured_media":0,"parent":10736,"menu_order":0,"comment_status":"closed","ping_status":"closed","template":"","meta":{"_joinchat":[],"footnotes":""},"class_list":["post-29229","page","type-page","status-publish","hentry"],"_links":{"self":[{"href":"https:\/\/www.unemi.edu.ec\/index.php\/wp-json\/wp\/v2\/pages\/29229","targetHints":{"allow":["GET"]}}],"collection":[{"href":"https:\/\/www.unemi.edu.ec\/index.php\/wp-json\/wp\/v2\/pages"}],"about":[{"href":"https:\/\/www.unemi.edu.ec\/index.php\/wp-json\/wp\/v2\/types\/page"}],"author":[{"embeddable":true,"href":"https:\/\/www.unemi.edu.ec\/index.php\/wp-json\/wp\/v2\/users\/35"}],"replies":[{"embeddable":true,"href":"https:\/\/www.unemi.edu.ec\/index.php\/wp-json\/wp\/v2\/comments?post=29229"}],"version-history":[{"count":0,"href":"https:\/\/www.unemi.edu.ec\/index.php\/wp-json\/wp\/v2\/pages\/29229\/revisions"}],"up":[{"embeddable":true,"href":"https:\/\/www.unemi.edu.ec\/index.php\/wp-json\/wp\/v2\/pages\/10736"}],"wp:attachment":[{"href":"https:\/\/www.unemi.edu.ec\/index.php\/wp-json\/wp\/v2\/media?parent=29229"}],"curies":[{"name":"wp","href":"https:\/\/api.w.org\/{rel}","templated":true}]}}