{"id":21202,"date":"2020-02-03T21:57:44","date_gmt":"2020-02-03T21:57:44","guid":{"rendered":"https:\/\/https:\/\/www.unemi.edu.ec\/\/wordpress\/?page_id=21202"},"modified":"2025-10-02T16:42:59","modified_gmt":"2025-10-02T21:42:59","slug":"informacion-financiera-2020","status":"publish","type":"page","link":"https:\/\/www.unemi.edu.ec\/index.php\/informacion-financiera-2020\/","title":{"rendered":"Informaci\u00f3n Financiera 2020"},"content":{"rendered":"<h3><strong>Presupuesto Anual de la Instituci\u00f3n<\/strong><br \/>\n<strong>Procesos de Contrataci\u00f3n<\/strong><\/h3>\n<ul>\n<li><a href=\"https:\/\/www.unemi.edu.ec\/index.php\/procesos-de-compras-2020\/\" target=\"_blank\" rel=\"noopener noreferrer\">Procesos de compras<\/a><\/li>\n<li><a href=\"https:\/\/www.unemi.edu.ec\/index.php\/infimas-cuantias-2020\/\" target=\"_blank\" rel=\"noopener noreferrer\">\u00cdnfimas Cuant\u00edas<\/a><\/li>\n<\/ul>\n<h3><strong>\u00a0Ejecuci\u00f3n del Presupuesto<\/strong><\/h3>\n<ul>\n<li><a href=\"https:\/\/www.unemi.edu.ec\/index.php\/reporte-de-gastos-2020\/\">Reporte de Gastos 2020<\/a><\/li>\n<li><a href=\"https:\/\/www.unemi.edu.ec\/index.php\/cedulas-presupuestarias-2020\/\">C\u00e9dulas Presupuestarias 2020<\/a><\/li>\n<li><a href=\"https:\/\/www.unemi.edu.ec\/index.php\/listado-de-destinatarios-de-recursos-2020\/\">Listado de destinatarios de recursos 2020<\/a><\/li>\n<li><a href=\"https:\/\/www.unemi.edu.ec\/wp-content\/uploads\/2020\/02\/presupuesto_liquidado_2019.pdf\" target=\"_blank\" rel=\"noopener noreferrer\">Presupuesto 2019 liquidado<\/a><\/li>\n<li><a href=\"https:\/\/www.unemi.edu.ec\/index.php\/viaticos-2020\/\">Vi\u00e1ticos<\/a><\/li>\n<\/ul>\n<h3><strong>Obligaciones Tributarias<\/strong><\/h3>\n<ul>\n<li><a href=\"https:\/\/www.unemi.edu.ec\/wp-content\/uploads\/2021\/06\/Certificado_Cumplimiento_Tributario..pdf\">Certificado de Cumplimiento Tributario<\/a><\/li>\n<\/ul>\n<h3><strong>Estados financieros auditados<\/strong><\/h3>\n<ul>\n<li><a href=\"https:\/\/www.unemi.edu.ec\/wp-content\/uploads\/2025\/10\/Informe-y-Estados-Financieros-Auditados-ano-2020.pdf\">Informe y estados financieros auditados 2020<\/a><\/li>\n<\/ul>\n","protected":false},"excerpt":{"rendered":"<p>Presupuesto Anual de la Instituci\u00f3n Procesos de Contrataci\u00f3n Procesos de compras \u00cdnfimas Cuant\u00edas \u00a0Ejecuci\u00f3n del Presupuesto Reporte de Gastos 2020 C\u00e9dulas Presupuestarias 2020 Listado de destinatarios de recursos 2020 Presupuesto [&hellip;]<\/p>\n","protected":false},"author":35,"featured_media":0,"parent":0,"menu_order":0,"comment_status":"closed","ping_status":"closed","template":"","meta":{"_joinchat":[],"footnotes":""},"class_list":["post-21202","page","type-page","status-publish","hentry"],"_links":{"self":[{"href":"https:\/\/www.unemi.edu.ec\/index.php\/wp-json\/wp\/v2\/pages\/21202","targetHints":{"allow":["GET"]}}],"collection":[{"href":"https:\/\/www.unemi.edu.ec\/index.php\/wp-json\/wp\/v2\/pages"}],"about":[{"href":"https:\/\/www.unemi.edu.ec\/index.php\/wp-json\/wp\/v2\/types\/page"}],"author":[{"embeddable":true,"href":"https:\/\/www.unemi.edu.ec\/index.php\/wp-json\/wp\/v2\/users\/35"}],"replies":[{"embeddable":true,"href":"https:\/\/www.unemi.edu.ec\/index.php\/wp-json\/wp\/v2\/comments?post=21202"}],"version-history":[{"count":1,"href":"https:\/\/www.unemi.edu.ec\/index.php\/wp-json\/wp\/v2\/pages\/21202\/revisions"}],"predecessor-version":[{"id":50399,"href":"https:\/\/www.unemi.edu.ec\/index.php\/wp-json\/wp\/v2\/pages\/21202\/revisions\/50399"}],"wp:attachment":[{"href":"https:\/\/www.unemi.edu.ec\/index.php\/wp-json\/wp\/v2\/media?parent=21202"}],"curies":[{"name":"wp","href":"https:\/\/api.w.org\/{rel}","templated":true}]}}