{"id":15787,"date":"2019-02-07T13:22:48","date_gmt":"2019-02-07T13:22:48","guid":{"rendered":"https:\/\/https:\/\/www.unemi.edu.ec\/\/wordpress\/?page_id=15787"},"modified":"2019-10-07T17:13:43","modified_gmt":"2019-10-07T17:13:43","slug":"infimas-cuantias-2019","status":"publish","type":"page","link":"https:\/\/www.unemi.edu.ec\/index.php\/infimas-cuantias-2019\/","title":{"rendered":"\u00cdnfimas Cuant\u00edas 2019"},"content":{"rendered":"<p><a href=\"https:\/\/www.unemi.edu.ec\/wp-content\/uploads\/2019\/02\/pdf-infimas-Enero.pdf\" target=\"_blank\" rel=\"noopener\">\u00cdnfimas cuant\u00edas enero del 2019<\/a><br \/>\n<a href=\"https:\/\/www.unemi.edu.ec\/wp-content\/uploads\/2019\/02\/pdf-infimas-Febrero.pdf\" target=\"_blank\" rel=\"noopener\">\u00cdnfimas cuant\u00edas febrero del 2019<\/a><br \/>\n\u00cdnfimas cuant\u00edas marzo del 2019<br \/>\n\u00cdnfimas cuant\u00edas abril del 2019<br \/>\n\u00cdnfimas cuant\u00edas mayo del 2019<br \/>\n\u00cdnfimas cuant\u00edas junio del 2019<br \/>\n<a href=\"https:\/\/www.unemi.edu.ec\/wp-content\/uploads\/2019\/08\/Infima-Cuant\u00eda-Julio.pdf\" target=\"_blank\" rel=\"noopener\">\u00cdnfimas cuant\u00edas julio del 2019<\/a><br \/>\n<a href=\"https:\/\/www.unemi.edu.ec\/wp-content\/uploads\/2019\/09\/Agosto-Infima-Cuant\u00eda.pdf\" target=\"_blank\" rel=\"noopener\">\u00cdnfimas cuant\u00edas agosto del 2019<\/a><br \/>\n<a href=\"https:\/\/www.unemi.edu.ec\/wp-content\/uploads\/2019\/10\/Infimas-Septiembre.pdf\" target=\"_blank\" rel=\"noopener\">\u00cdnfimas cuant\u00edas septiembre del 2019<\/a><br \/>\n\u00cdnfimas cuant\u00edas octubre del 2019<br \/>\n\u00cdnfimas cuant\u00edas noviembre 2019<br \/>\n\u00cdnfimas cuant\u00edas diciembre 2019<\/p>\n","protected":false},"excerpt":{"rendered":"<p>\u00cdnfimas cuant\u00edas enero del 2019 \u00cdnfimas cuant\u00edas febrero del 2019 \u00cdnfimas cuant\u00edas marzo del 2019 \u00cdnfimas cuant\u00edas abril del 2019 \u00cdnfimas cuant\u00edas mayo del 2019 \u00cdnfimas cuant\u00edas junio del 2019 [&hellip;]<\/p>\n","protected":false},"author":35,"featured_media":0,"parent":0,"menu_order":0,"comment_status":"closed","ping_status":"closed","template":"","meta":{"_joinchat":[],"footnotes":""},"class_list":["post-15787","page","type-page","status-publish","hentry"],"_links":{"self":[{"href":"https:\/\/www.unemi.edu.ec\/index.php\/wp-json\/wp\/v2\/pages\/15787","targetHints":{"allow":["GET"]}}],"collection":[{"href":"https:\/\/www.unemi.edu.ec\/index.php\/wp-json\/wp\/v2\/pages"}],"about":[{"href":"https:\/\/www.unemi.edu.ec\/index.php\/wp-json\/wp\/v2\/types\/page"}],"author":[{"embeddable":true,"href":"https:\/\/www.unemi.edu.ec\/index.php\/wp-json\/wp\/v2\/users\/35"}],"replies":[{"embeddable":true,"href":"https:\/\/www.unemi.edu.ec\/index.php\/wp-json\/wp\/v2\/comments?post=15787"}],"version-history":[{"count":0,"href":"https:\/\/www.unemi.edu.ec\/index.php\/wp-json\/wp\/v2\/pages\/15787\/revisions"}],"wp:attachment":[{"href":"https:\/\/www.unemi.edu.ec\/index.php\/wp-json\/wp\/v2\/media?parent=15787"}],"curies":[{"name":"wp","href":"https:\/\/api.w.org\/{rel}","templated":true}]}}