{"id":10804,"date":"2018-09-05T20:17:25","date_gmt":"2018-09-05T20:17:25","guid":{"rendered":"https:\/\/https:\/\/www.unemi.edu.ec\/\/wordpress\/?page_id=10804"},"modified":"2018-09-06T15:43:14","modified_gmt":"2018-09-06T15:43:14","slug":"documentos-institucionales-2017","status":"publish","type":"page","link":"https:\/\/www.unemi.edu.ec\/index.php\/documentos-institucionales-2017\/","title":{"rendered":"Documentos Institucionales 2017"},"content":{"rendered":"<p><a href=\"https:\/\/www.unemi.edu.ec\/index.php\/base-legal-que-la-rige\/\">Base Legal que la rige<\/a><br \/>\n<a href=\"https:\/\/www.unemi.edu.ec\/index.php\/resoluciones-ocas-2017\/\">Resoluciones \u00d3rgano Colegiado Acad\u00e9mico Superior &#8211; OCAS<\/a><br \/>\n<a href=\"https:\/\/www.unemi.edu.ec\/index.php\/informacion-administrativa\/\">Informaci\u00f3n Administrativa<\/a><br \/>\n<a href=\"https:\/\/www.unemi.edu.ec\/index.php\/informacion-financiera-2017\/\">Informaci\u00f3n Financiera<\/a><br \/>\n<a href=\"https:\/\/www.unemi.edu.ec\/index.php\/informacion-laboral\/\">Informaci\u00f3n Laboral<\/a><br \/>\n<a href=\"https:\/\/www.unemi.edu.ec\/index.php\/planificacion-institucional-2017\/\">Planificaci\u00f3n Institucional<\/a><br \/>\n<a href=\"https:\/\/www.unemi.edu.ec\/index.php\/formatos-de-solicitudes\/\">Formatos de solicitudes<\/a><br \/>\n<a href=\"https:\/\/www.unemi.edu.ec\/index.php\/servicios-que-ofrece\/\">Servicios que ofrece<\/a><br \/>\n<a href=\"https:\/\/www.unemi.edu.ec\/index.php\/examenes-especiales-y-cumplimiento-de-recomendaciones-de-auditoria-interna-y-gubernamental\/\">Ex\u00e1menes Especiales y Cumplimiento de Recomendaciones de Auditoria Interna y Gubernamental<\/a><br \/>\n<a href=\"\/wp-content\/uploads\/2018\/09\/informedegestion2016.pdf\" target=\"_blank\" rel=\"noopener\">Mecanismos de rendici\u00f3n de Cuentas a la Ciudadan\u00eda<\/a><br \/>\n<a href=\"\/wp-content\/uploads\/2018\/09\/solicitud-acceso-a-la-informacion-unemi.pdf\" target=\"_blank\" rel=\"noopener\">Solicitud de acceso a la informaci\u00f3n p\u00fablica<\/a><br \/>\n<a href=\"\/wp-content\/uploads\/2018\/09\/Designacion_Comite_Transparencia.pdf.pdf\" target=\"_blank\" rel=\"noopener\">Designaci\u00f3n Comit\u00e9 de Transparencia Institucional<\/a><br \/>\n<a href=\"https:\/\/www.unemi.edu.ec\/index.php\/difusion-y-comunicacion-de-la-gestion-institucional\/\">Difusi\u00f3n y Comunicaci\u00f3n de la Gesti\u00f3n Institucional<\/a><\/p>\n","protected":false},"excerpt":{"rendered":"<p>Base Legal que la rige Resoluciones \u00d3rgano Colegiado Acad\u00e9mico Superior &#8211; OCAS Informaci\u00f3n Administrativa Informaci\u00f3n Financiera Informaci\u00f3n Laboral Planificaci\u00f3n Institucional Formatos de solicitudes Servicios que ofrece Ex\u00e1menes Especiales y Cumplimiento [&hellip;]<\/p>\n","protected":false},"author":23,"featured_media":0,"parent":0,"menu_order":0,"comment_status":"closed","ping_status":"closed","template":"","meta":{"_joinchat":[],"footnotes":""},"class_list":["post-10804","page","type-page","status-publish","hentry"],"_links":{"self":[{"href":"https:\/\/www.unemi.edu.ec\/index.php\/wp-json\/wp\/v2\/pages\/10804","targetHints":{"allow":["GET"]}}],"collection":[{"href":"https:\/\/www.unemi.edu.ec\/index.php\/wp-json\/wp\/v2\/pages"}],"about":[{"href":"https:\/\/www.unemi.edu.ec\/index.php\/wp-json\/wp\/v2\/types\/page"}],"author":[{"embeddable":true,"href":"https:\/\/www.unemi.edu.ec\/index.php\/wp-json\/wp\/v2\/users\/23"}],"replies":[{"embeddable":true,"href":"https:\/\/www.unemi.edu.ec\/index.php\/wp-json\/wp\/v2\/comments?post=10804"}],"version-history":[{"count":0,"href":"https:\/\/www.unemi.edu.ec\/index.php\/wp-json\/wp\/v2\/pages\/10804\/revisions"}],"wp:attachment":[{"href":"https:\/\/www.unemi.edu.ec\/index.php\/wp-json\/wp\/v2\/media?parent=10804"}],"curies":[{"name":"wp","href":"https:\/\/api.w.org\/{rel}","templated":true}]}}